{"id":8757,"date":"2022-07-20T09:37:54","date_gmt":"2022-07-20T07:37:54","guid":{"rendered":"https:\/\/www.kwu-entsorgung.de\/?page_id=8757"},"modified":"2022-07-20T13:04:31","modified_gmt":"2022-07-20T11:04:31","slug":"kw","status":"publish","type":"page","link":"https:\/\/www.kwu-entsorgung.de\/?page_id=8757","title":{"rendered":"KWU Mini Movies"},"content":{"rendered":"\t\t<div data-elementor-type=\"wp-page\" data-elementor-id=\"8757\" class=\"elementor elementor-8757\">\n\t\t\t\t\t\t<section class=\"elementor-section elementor-top-section elementor-element elementor-element-b55616c elementor-section-boxed elementor-section-height-default elementor-section-height-default\" data-id=\"b55616c\" data-element_type=\"section\">\n\t\t\t\t\t\t<div class=\"elementor-container elementor-column-gap-default\">\n\t\t\t\t\t<div class=\"elementor-column elementor-col-100 elementor-top-column elementor-element elementor-element-dec0b60\" data-id=\"dec0b60\" data-element_type=\"column\">\n\t\t\t<div class=\"elementor-widget-wrap elementor-element-populated\">\n\t\t\t\t\t\t<div class=\"elementor-element elementor-element-b4d2b10 elementor-widget elementor-widget-heading\" data-id=\"b4d2b10\" data-element_type=\"widget\" data-widget_type=\"heading.default\">\n\t\t\t\t<div class=\"elementor-widget-container\">\n\t\t\t<h2 class=\"elementor-heading-title elementor-size-default\">Warum Wertstoffe sich auch mal nackig machen<\/h2>\t\t<\/div>\n\t\t\t\t<\/div>\n\t\t\t\t<div class=\"elementor-element elementor-element-3d88a03 elementor-widget elementor-widget-text-editor\" data-id=\"3d88a03\" data-element_type=\"widget\" data-widget_type=\"text-editor.default\">\n\t\t\t\t<div class=\"elementor-widget-container\">\n\t\t\t\t\t\t\t<p>Sie sind der Meinung, Wertstofftrennung ist gar nicht so leicht? Wir geben in diesem Kurzfilm eine kleine Anregung, wie es richtig geht!<\/p><p>Verpackungskunststoffe, die in den Gelben Sack kommen, sind beispielsweise Joghurtbecher, Duschgelflaschen, gesch\u00e4umte Obst- und Gem\u00fcseschalen oder Styroporverpackungen (zum Beispiel von technischen Ger\u00e4ten). Es gilt: Je besser getrennt gesammelt wird, desto mehr kann recycelt werden. Mehr Informationen zum <strong>Gelben Sack<\/strong> gibt es <a href=\"https:\/\/www.kwu-entsorgung.de\/?page_id=1327\">&gt;&gt;&gt; hier<\/a>.<\/p>\t\t\t\t\t\t<\/div>\n\t\t\t\t<\/div>\n\t\t\t\t<div class=\"elementor-element elementor-element-a10566f elementor-widget elementor-widget-video\" data-id=\"a10566f\" data-element_type=\"widget\" data-settings=\"{&quot;video_type&quot;:&quot;hosted&quot;,&quot;controls&quot;:&quot;yes&quot;}\" data-widget_type=\"video.default\">\n\t\t\t\t<div class=\"elementor-widget-container\">\n\t\t\t\t\t<div class=\"e-hosted-video elementor-wrapper elementor-open-inline\">\n\t\t\t\t\t<video class=\"elementor-video\" src=\"https:\/\/www.kwu-entsorgung.de\/wp-content\/uploads\/2022\/07\/kwu_ausziehen(1080p).mp4\" controls=\"\" preload=\"metadata\" controlsList=\"nodownload\" poster=\"https:\/\/www.kwu-entsorgung.de\/wp-content\/uploads\/2022\/07\/Screenshot_2022-07-19-Elementor-KWU-Mini-Movies.png\"><\/video>\n\t\t\t\t<\/div>\n\t\t\t\t<\/div>\n\t\t\t\t<\/div>\n\t\t\t\t<div class=\"elementor-element elementor-element-caffa8b elementor-widget elementor-widget-spacer\" data-id=\"caffa8b\" data-element_type=\"widget\" data-widget_type=\"spacer.default\">\n\t\t\t\t<div class=\"elementor-widget-container\">\n\t\t\t\t\t<div class=\"elementor-spacer\">\n\t\t\t<div class=\"elementor-spacer-inner\"><\/div>\n\t\t<\/div>\n\t\t\t\t<\/div>\n\t\t\t\t<\/div>\n\t\t\t\t\t<\/div>\n\t\t<\/div>\n\t\t\t\t\t<\/div>\n\t\t<\/section>\n\t\t\t\t<section class=\"elementor-section elementor-top-section elementor-element elementor-element-8650eba elementor-section-boxed elementor-section-height-default elementor-section-height-default\" data-id=\"8650eba\" data-element_type=\"section\">\n\t\t\t\t\t\t<div class=\"elementor-container elementor-column-gap-default\">\n\t\t\t\t\t<div class=\"elementor-column elementor-col-100 elementor-top-column elementor-element elementor-element-4c45b66\" data-id=\"4c45b66\" data-element_type=\"column\">\n\t\t\t<div class=\"elementor-widget-wrap elementor-element-populated\">\n\t\t\t\t\t\t<div class=\"elementor-element elementor-element-9701858 elementor-widget elementor-widget-heading\" data-id=\"9701858\" data-element_type=\"widget\" data-widget_type=\"heading.default\">\n\t\t\t\t<div class=\"elementor-widget-container\">\n\t\t\t<h2 class=\"elementor-heading-title elementor-size-default\">Wildes M\u00fcllabladen - \nHey! Im Wald sind die Wertstoffe los!<\/h2>\t\t<\/div>\n\t\t\t\t<\/div>\n\t\t\t\t<div class=\"elementor-element elementor-element-3909760 elementor-widget elementor-widget-text-editor\" data-id=\"3909760\" data-element_type=\"widget\" data-widget_type=\"text-editor.default\">\n\t\t\t\t<div class=\"elementor-widget-container\">\n\t\t\t\t\t\t\t<p>Der Wald ist zur Erholung da und nicht, um dort M\u00fcll loszuwerden. Wie lange brauchen wohl\u00a0 Glasflaschen, bis sie vollst\u00e4ndig verrottet sind? 4.000 Jahre! Denken Sie mit, seien Sie kein Umwelts\u00fcnder und werfen Sie Ihre Abf\u00e4lle nicht in den Wald.<\/p>\t\t\t\t\t\t<\/div>\n\t\t\t\t<\/div>\n\t\t\t\t<div class=\"elementor-element elementor-element-e75993f elementor-widget elementor-widget-video\" data-id=\"e75993f\" data-element_type=\"widget\" data-settings=\"{&quot;video_type&quot;:&quot;hosted&quot;,&quot;controls&quot;:&quot;yes&quot;}\" data-widget_type=\"video.default\">\n\t\t\t\t<div class=\"elementor-widget-container\">\n\t\t\t\t\t<div class=\"e-hosted-video elementor-wrapper elementor-open-inline\">\n\t\t\t\t\t<video class=\"elementor-video\" src=\"https:\/\/www.kwu-entsorgung.de\/wp-content\/uploads\/2022\/07\/kwu_wildes_muellabladen(1080p).mp4\" controls=\"\" preload=\"metadata\" controlsList=\"nodownload\" poster=\"https:\/\/www.kwu-entsorgung.de\/wp-content\/uploads\/2022\/07\/Screenshot_2022-07-19-Elementor-KWU-Mini-Movies1.png\"><\/video>\n\t\t\t\t<\/div>\n\t\t\t\t<\/div>\n\t\t\t\t<\/div>\n\t\t\t\t<div class=\"elementor-element elementor-element-bdd86b1 elementor-widget elementor-widget-spacer\" data-id=\"bdd86b1\" data-element_type=\"widget\" data-widget_type=\"spacer.default\">\n\t\t\t\t<div class=\"elementor-widget-container\">\n\t\t\t\t\t<div class=\"elementor-spacer\">\n\t\t\t<div class=\"elementor-spacer-inner\"><\/div>\n\t\t<\/div>\n\t\t\t\t<\/div>\n\t\t\t\t<\/div>\n\t\t\t\t\t<\/div>\n\t\t<\/div>\n\t\t\t\t\t<\/div>\n\t\t<\/section>\n\t\t\t\t<section class=\"elementor-section elementor-top-section elementor-element elementor-element-a434347 elementor-section-boxed elementor-section-height-default elementor-section-height-default\" data-id=\"a434347\" data-element_type=\"section\">\n\t\t\t\t\t\t<div class=\"elementor-container elementor-column-gap-default\">\n\t\t\t\t\t<div class=\"elementor-column elementor-col-100 elementor-top-column elementor-element elementor-element-63bdbc5\" data-id=\"63bdbc5\" data-element_type=\"column\">\n\t\t\t<div class=\"elementor-widget-wrap elementor-element-populated\">\n\t\t\t\t\t\t<div class=\"elementor-element elementor-element-8ae2b72 elementor-widget elementor-widget-heading\" data-id=\"8ae2b72\" data-element_type=\"widget\" data-widget_type=\"heading.default\">\n\t\t\t\t<div class=\"elementor-widget-container\">\n\t\t\t<h2 class=\"elementor-heading-title elementor-size-default\">Batterien! Helft euch und sammelt euch!<\/h2>\t\t<\/div>\n\t\t\t\t<\/div>\n\t\t\t\t<div class=\"elementor-element elementor-element-efa9271 elementor-widget elementor-widget-text-editor\" data-id=\"efa9271\" data-element_type=\"widget\" data-widget_type=\"text-editor.default\">\n\t\t\t\t<div class=\"elementor-widget-container\">\n\t\t\t\t\t\t\t<p>Batterien und Akkus geh\u00f6ren auf keinen Fall in die Restabfalltonne, denn sie enthalten viele Schadstoffe. Sie k\u00f6nnen auf unseren <a href=\"https:\/\/www.kwu-entsorgung.de\/?page_id=126\">Wertstoffh\u00f6fen<\/a>, beim <a href=\"https:\/\/www.kwu-entsorgung.de\/?page_id=141\">Schadstoffmobil <\/a>oder bei einer der vielen Sammelstellen im Handel abgegeben werden.<\/p>\t\t\t\t\t\t<\/div>\n\t\t\t\t<\/div>\n\t\t\t\t\t<\/div>\n\t\t<\/div>\n\t\t\t\t\t<\/div>\n\t\t<\/section>\n\t\t\t\t<section class=\"elementor-section elementor-top-section elementor-element elementor-element-1b30896 elementor-section-boxed elementor-section-height-default elementor-section-height-default\" data-id=\"1b30896\" data-element_type=\"section\">\n\t\t\t\t\t\t<div class=\"elementor-container elementor-column-gap-default\">\n\t\t\t\t\t<div class=\"elementor-column elementor-col-100 elementor-top-column elementor-element elementor-element-fc3463d\" data-id=\"fc3463d\" data-element_type=\"column\">\n\t\t\t<div class=\"elementor-widget-wrap elementor-element-populated\">\n\t\t\t\t\t\t<div class=\"elementor-element elementor-element-d7c0fcb elementor-widget elementor-widget-video\" data-id=\"d7c0fcb\" data-element_type=\"widget\" data-settings=\"{&quot;video_type&quot;:&quot;hosted&quot;,&quot;controls&quot;:&quot;yes&quot;}\" data-widget_type=\"video.default\">\n\t\t\t\t<div class=\"elementor-widget-container\">\n\t\t\t\t\t<div class=\"e-hosted-video elementor-wrapper elementor-open-inline\">\n\t\t\t\t\t<video class=\"elementor-video\" src=\"https:\/\/www.kwu-entsorgung.de\/wp-content\/uploads\/2022\/07\/kwu_stimmungswechsel(1080p).mp4\" controls=\"\" preload=\"metadata\" controlsList=\"nodownload\" poster=\"https:\/\/www.kwu-entsorgung.de\/wp-content\/uploads\/2022\/07\/Screenshot_2022-07-19-Elementor-KWU-Mini-Movies2.png\"><\/video>\n\t\t\t\t<\/div>\n\t\t\t\t<\/div>\n\t\t\t\t<\/div>\n\t\t\t\t<div class=\"elementor-element elementor-element-e03c583 elementor-widget elementor-widget-spacer\" data-id=\"e03c583\" data-element_type=\"widget\" data-widget_type=\"spacer.default\">\n\t\t\t\t<div class=\"elementor-widget-container\">\n\t\t\t\t\t<div class=\"elementor-spacer\">\n\t\t\t<div class=\"elementor-spacer-inner\"><\/div>\n\t\t<\/div>\n\t\t\t\t<\/div>\n\t\t\t\t<\/div>\n\t\t\t\t<div class=\"elementor-element elementor-element-2f575ce elementor-widget elementor-widget-heading\" data-id=\"2f575ce\" data-element_type=\"widget\" data-widget_type=\"heading.default\">\n\t\t\t\t<div class=\"elementor-widget-container\">\n\t\t\t<h2 class=\"elementor-heading-title elementor-size-default\">Verpackung? Wahnsinn! Das braucht doch keiner!<\/h2>\t\t<\/div>\n\t\t\t\t<\/div>\n\t\t\t\t<div class=\"elementor-element elementor-element-05cc208 elementor-widget elementor-widget-text-editor\" data-id=\"05cc208\" data-element_type=\"widget\" data-widget_type=\"text-editor.default\">\n\t\t\t\t<div class=\"elementor-widget-container\">\n\t\t\t\t\t\t\t<p>Braucht man f\u00fcr alles eine Verpackung? Nein! Wer clever ist, geht zum Wochenmarkt, nutzt mitgebrachte Netze oder Einkaufsbeutel, verzichtet auf Produkte in Plastikverpackungen oder bestellt weniger online und kauft direkt beim H\u00e4ndler seines Vertrauens.<\/p>\t\t\t\t\t\t<\/div>\n\t\t\t\t<\/div>\n\t\t\t\t<div class=\"elementor-element elementor-element-aaba7db elementor-widget elementor-widget-video\" data-id=\"aaba7db\" data-element_type=\"widget\" data-settings=\"{&quot;video_type&quot;:&quot;hosted&quot;,&quot;controls&quot;:&quot;yes&quot;}\" data-widget_type=\"video.default\">\n\t\t\t\t<div class=\"elementor-widget-container\">\n\t\t\t\t\t<div class=\"e-hosted-video elementor-wrapper elementor-open-inline\">\n\t\t\t\t\t<video class=\"elementor-video\" src=\"https:\/\/www.kwu-entsorgung.de\/wp-content\/uploads\/2022\/07\/kwu_verpackungswahnsinn(1080p).mp4\" controls=\"\" preload=\"metadata\" controlsList=\"nodownload\" poster=\"https:\/\/www.kwu-entsorgung.de\/wp-content\/uploads\/2022\/07\/Screenshot_2022-07-19-Elementor-KWU-Mini-Movies4.png\"><\/video>\n\t\t\t\t<\/div>\n\t\t\t\t<\/div>\n\t\t\t\t<\/div>\n\t\t\t\t\t<\/div>\n\t\t<\/div>\n\t\t\t\t\t<\/div>\n\t\t<\/section>\n\t\t\t\t<\/div>\n\t\t","protected":false},"excerpt":{"rendered":"<p>Warum Wertstoffe sich auch mal nackig machen Sie sind der Meinung, Wertstofftrennung ist gar nicht so leicht? Wir geben in diesem Kurzfilm eine kleine Anregung, wie es richtig geht! Verpackungskunststoffe, die in den Gelben Sack kommen, sind beispielsweise Joghurtbecher, Duschgelflaschen, gesch\u00e4umte Obst- und Gem\u00fcseschalen oder Styroporverpackungen (zum Beispiel von technischen Ger\u00e4ten). Es gilt: Je besser&#8230;<\/p>\n","protected":false},"author":2,"featured_media":0,"parent":0,"menu_order":0,"comment_status":"closed","ping_status":"closed","template":"","meta":{"footnotes":""},"publishpress_future_action":{"enabled":false,"date":"2026-05-07 23:40:18","action":"change-status","newStatus":"draft","terms":[],"taxonomy":""},"_links":{"self":[{"href":"https:\/\/www.kwu-entsorgung.de\/index.php?rest_route=\/wp\/v2\/pages\/8757"}],"collection":[{"href":"https:\/\/www.kwu-entsorgung.de\/index.php?rest_route=\/wp\/v2\/pages"}],"about":[{"href":"https:\/\/www.kwu-entsorgung.de\/index.php?rest_route=\/wp\/v2\/types\/page"}],"author":[{"embeddable":true,"href":"https:\/\/www.kwu-entsorgung.de\/index.php?rest_route=\/wp\/v2\/users\/2"}],"replies":[{"embeddable":true,"href":"https:\/\/www.kwu-entsorgung.de\/index.php?rest_route=%2Fwp%2Fv2%2Fcomments&post=8757"}],"version-history":[{"count":57,"href":"https:\/\/www.kwu-entsorgung.de\/index.php?rest_route=\/wp\/v2\/pages\/8757\/revisions"}],"predecessor-version":[{"id":8915,"href":"https:\/\/www.kwu-entsorgung.de\/index.php?rest_route=\/wp\/v2\/pages\/8757\/revisions\/8915"}],"wp:attachment":[{"href":"https:\/\/www.kwu-entsorgung.de\/index.php?rest_route=%2Fwp%2Fv2%2Fmedia&parent=8757"}],"curies":[{"name":"wp","href":"https:\/\/api.w.org\/{rel}","templated":true}]}}

<div data-elementor-type="wp-page" data-elementor-id="8757" class="elementor elementor-8757">
						<section class="elementor-section elementor-top-section elementor-element elementor-element-b55616c elementor-section-boxed elementor-section-height-default elementor-section-height-default" data-id="b55616c" data-element_type="section">
						<div class="elementor-container elementor-column-gap-default">
					<div class="elementor-column elementor-col-100 elementor-top-column elementor-element elementor-element-dec0b60" data-id="dec0b60" data-element_type="column">
			<div class="elementor-widget-wrap elementor-element-populated">
						<div class="elementor-element elementor-element-b4d2b10 elementor-widget elementor-widget-heading" data-id="b4d2b10" data-element_type="widget" data-widget_type="heading.default">
				<div class="elementor-widget-container">
			<h2 class="elementor-heading-title elementor-size-default">Warum Wertstoffe sich auch mal nackig machen</h2>		</div>
				</div>
				<div class="elementor-element elementor-element-3d88a03 elementor-widget elementor-widget-text-editor" data-id="3d88a03" data-element_type="widget" data-widget_type="text-editor.default">
				<div class="elementor-widget-container">
							<p>Sie sind der Meinung, Wertstofftrennung ist gar nicht so leicht? Wir geben in diesem Kurzfilm eine kleine Anregung, wie es richtig geht!</p><p>Verpackungskunststoffe, die in den Gelben Sack kommen, sind beispielsweise Joghurtbecher, Duschgelflaschen, geschäumte Obst- und Gemüseschalen oder Styroporverpackungen (zum Beispiel von technischen Geräten). Es gilt: Je besser getrennt gesammelt wird, desto mehr kann recycelt werden. Mehr Informationen zum <strong>Gelben Sack</strong> gibt es <a href="https://www.kwu-entsorgung.de/?page_id=1327">&gt;&gt;&gt; hier</a>.</p>						</div>
				</div>
				<div class="elementor-element elementor-element-a10566f elementor-widget elementor-widget-video" data-id="a10566f" data-element_type="widget" data-settings="{&quot;video_type&quot;:&quot;hosted&quot;,&quot;controls&quot;:&quot;yes&quot;}" data-widget_type="video.default">
				<div class="elementor-widget-container">
					<div class="e-hosted-video elementor-wrapper elementor-open-inline">
					<video class="elementor-video" src="https://www.kwu-entsorgung.de/wp-content/uploads/2022/07/kwu_ausziehen(1080p).mp4" controls="" preload="metadata" controlsList="nodownload" poster="https://www.kwu-entsorgung.de/wp-content/uploads/2022/07/Screenshot_2022-07-19-Elementor-KWU-Mini-Movies.png"></video>
				</div>
				</div>
				</div>
				<div class="elementor-element elementor-element-caffa8b elementor-widget elementor-widget-spacer" data-id="caffa8b" data-element_type="widget" data-widget_type="spacer.default">
				<div class="elementor-widget-container">
					<div class="elementor-spacer">
			<div class="elementor-spacer-inner"></div>
		</div>
				</div>
				</div>
					</div>
		</div>
					</div>
		</section>
				<section class="elementor-section elementor-top-section elementor-element elementor-element-8650eba elementor-section-boxed elementor-section-height-default elementor-section-height-default" data-id="8650eba" data-element_type="section">
						<div class="elementor-container elementor-column-gap-default">
					<div class="elementor-column elementor-col-100 elementor-top-column elementor-element elementor-element-4c45b66" data-id="4c45b66" data-element_type="column">
			<div class="elementor-widget-wrap elementor-element-populated">
						<div class="elementor-element elementor-element-9701858 elementor-widget elementor-widget-heading" data-id="9701858" data-element_type="widget" data-widget_type="heading.default">
				<div class="elementor-widget-container">
			<h2 class="elementor-heading-title elementor-size-default">Wildes Müllabladen - 
Hey! Im Wald sind die Wertstoffe los!</h2>		</div>
				</div>
				<div class="elementor-element elementor-element-3909760 elementor-widget elementor-widget-text-editor" data-id="3909760" data-element_type="widget" data-widget_type="text-editor.default">
				<div class="elementor-widget-container">
							<p>Der Wald ist zur Erholung da und nicht, um dort Müll loszuwerden. Wie lange brauchen wohl  Glasflaschen, bis sie vollständig verrottet sind? 4.000 Jahre! Denken Sie mit, seien Sie kein Umweltsünder und werfen Sie Ihre Abfälle nicht in den Wald.</p>						</div>
				</div>
				<div class="elementor-element elementor-element-e75993f elementor-widget elementor-widget-video" data-id="e75993f" data-element_type="widget" data-settings="{&quot;video_type&quot;:&quot;hosted&quot;,&quot;controls&quot;:&quot;yes&quot;}" data-widget_type="video.default">
				<div class="elementor-widget-container">
					<div class="e-hosted-video elementor-wrapper elementor-open-inline">
					<video class="elementor-video" src="https://www.kwu-entsorgung.de/wp-content/uploads/2022/07/kwu_wildes_muellabladen(1080p).mp4" controls="" preload="metadata" controlsList="nodownload" poster="https://www.kwu-entsorgung.de/wp-content/uploads/2022/07/Screenshot_2022-07-19-Elementor-KWU-Mini-Movies1.png"></video>
				</div>
				</div>
				</div>
				<div class="elementor-element elementor-element-bdd86b1 elementor-widget elementor-widget-spacer" data-id="bdd86b1" data-element_type="widget" data-widget_type="spacer.default">
				<div class="elementor-widget-container">
					<div class="elementor-spacer">
			<div class="elementor-spacer-inner"></div>
		</div>
				</div>
				</div>
					</div>
		</div>
					</div>
		</section>
				<section class="elementor-section elementor-top-section elementor-element elementor-element-a434347 elementor-section-boxed elementor-section-height-default elementor-section-height-default" data-id="a434347" data-element_type="section">
						<div class="elementor-container elementor-column-gap-default">
					<div class="elementor-column elementor-col-100 elementor-top-column elementor-element elementor-element-63bdbc5" data-id="63bdbc5" data-element_type="column">
			<div class="elementor-widget-wrap elementor-element-populated">
						<div class="elementor-element elementor-element-8ae2b72 elementor-widget elementor-widget-heading" data-id="8ae2b72" data-element_type="widget" data-widget_type="heading.default">
				<div class="elementor-widget-container">
			<h2 class="elementor-heading-title elementor-size-default">Batterien! Helft euch und sammelt euch!</h2>		</div>
				</div>
				<div class="elementor-element elementor-element-efa9271 elementor-widget elementor-widget-text-editor" data-id="efa9271" data-element_type="widget" data-widget_type="text-editor.default">
				<div class="elementor-widget-container">
							<p>Batterien und Akkus gehören auf keinen Fall in die Restabfalltonne, denn sie enthalten viele Schadstoffe. Sie können auf unseren <a href="https://www.kwu-entsorgung.de/?page_id=126">Wertstoffhöfen</a>, beim <a href="https://www.kwu-entsorgung.de/?page_id=141">Schadstoffmobil </a>oder bei einer der vielen Sammelstellen im Handel abgegeben werden.</p>						</div>
				</div>
					</div>
		</div>
					</div>
		</section>
				<section class="elementor-section elementor-top-section elementor-element elementor-element-1b30896 elementor-section-boxed elementor-section-height-default elementor-section-height-default" data-id="1b30896" data-element_type="section">
						<div class="elementor-container elementor-column-gap-default">
					<div class="elementor-column elementor-col-100 elementor-top-column elementor-element elementor-element-fc3463d" data-id="fc3463d" data-element_type="column">
			<div class="elementor-widget-wrap elementor-element-populated">
						<div class="elementor-element elementor-element-d7c0fcb elementor-widget elementor-widget-video" data-id="d7c0fcb" data-element_type="widget" data-settings="{&quot;video_type&quot;:&quot;hosted&quot;,&quot;controls&quot;:&quot;yes&quot;}" data-widget_type="video.default">
				<div class="elementor-widget-container">
					<div class="e-hosted-video elementor-wrapper elementor-open-inline">
					<video class="elementor-video" src="https://www.kwu-entsorgung.de/wp-content/uploads/2022/07/kwu_stimmungswechsel(1080p).mp4" controls="" preload="metadata" controlsList="nodownload" poster="https://www.kwu-entsorgung.de/wp-content/uploads/2022/07/Screenshot_2022-07-19-Elementor-KWU-Mini-Movies2.png"></video>
				</div>
				</div>
				</div>
				<div class="elementor-element elementor-element-e03c583 elementor-widget elementor-widget-spacer" data-id="e03c583" data-element_type="widget" data-widget_type="spacer.default">
				<div class="elementor-widget-container">
					<div class="elementor-spacer">
			<div class="elementor-spacer-inner"></div>
		</div>
				</div>
				</div>
				<div class="elementor-element elementor-element-2f575ce elementor-widget elementor-widget-heading" data-id="2f575ce" data-element_type="widget" data-widget_type="heading.default">
				<div class="elementor-widget-container">
			<h2 class="elementor-heading-title elementor-size-default">Verpackung? Wahnsinn! Das braucht doch keiner!</h2>		</div>
				</div>
				<div class="elementor-element elementor-element-05cc208 elementor-widget elementor-widget-text-editor" data-id="05cc208" data-element_type="widget" data-widget_type="text-editor.default">
				<div class="elementor-widget-container">
							<p>Braucht man für alles eine Verpackung? Nein! Wer clever ist, geht zum Wochenmarkt, nutzt mitgebrachte Netze oder Einkaufsbeutel, verzichtet auf Produkte in Plastikverpackungen oder bestellt weniger online und kauft direkt beim Händler seines Vertrauens.</p>						</div>
				</div>
				<div class="elementor-element elementor-element-aaba7db elementor-widget elementor-widget-video" data-id="aaba7db" data-element_type="widget" data-settings="{&quot;video_type&quot;:&quot;hosted&quot;,&quot;controls&quot;:&quot;yes&quot;}" data-widget_type="video.default">
				<div class="elementor-widget-container">
					<div class="e-hosted-video elementor-wrapper elementor-open-inline">
					<video class="elementor-video" src="https://www.kwu-entsorgung.de/wp-content/uploads/2022/07/kwu_verpackungswahnsinn(1080p).mp4" controls="" preload="metadata" controlsList="nodownload" poster="https://www.kwu-entsorgung.de/wp-content/uploads/2022/07/Screenshot_2022-07-19-Elementor-KWU-Mini-Movies4.png"></video>
				</div>
				</div>
				</div>
					</div>
		</div>
					</div>
		</section>
				</div>

<p>Warum Wertstoffe sich auch mal nackig machen Sie sind der Meinung, Wertstofftrennung ist gar nicht so leicht? Wir geben in diesem Kurzfilm eine kleine Anregung, wie es richtig geht! Verpackungskunststoffe, die in den Gelben Sack kommen, sind beispielsweise Joghurtbecher, Duschgelflaschen, geschäumte Obst- und Gemüseschalen oder Styroporverpackungen (zum Beispiel von technischen Geräten). Es gilt: Je besser&#8230;</p>
