{"id":69694,"date":"2026-03-12T14:23:51","date_gmt":"2026-03-12T13:23:51","guid":{"rendered":"https:\/\/www.kwu-entsorgung.de\/?page_id=69694"},"modified":"2026-03-12T14:25:13","modified_gmt":"2026-03-12T13:25:13","slug":"abfallwirtschaftskonzept-2","status":"publish","type":"page","link":"https:\/\/www.kwu-entsorgung.de\/?page_id=69694","title":{"rendered":"Abfallwirtschaftskonzept"},"content":{"rendered":"\t\t<div data-elementor-type=\"wp-page\" data-elementor-id=\"69694\" class=\"elementor elementor-69694\">\n\t\t\t\t\t\t<section class=\"elementor-section elementor-top-section elementor-element elementor-element-2786f48 elementor-section-boxed elementor-section-height-default elementor-section-height-default\" data-id=\"2786f48\" data-element_type=\"section\">\n\t\t\t\t\t\t<div class=\"elementor-container elementor-column-gap-default\">\n\t\t\t\t\t<div class=\"elementor-column elementor-col-100 elementor-top-column elementor-element elementor-element-9a0ea27\" data-id=\"9a0ea27\" data-element_type=\"column\">\n\t\t\t<div class=\"elementor-widget-wrap elementor-element-populated\">\n\t\t\t\t\t\t<div class=\"elementor-element elementor-element-3fe5eee elementor-widget elementor-widget-text-editor\" data-id=\"3fe5eee\" data-element_type=\"widget\" data-widget_type=\"text-editor.default\">\n\t\t\t\t<div class=\"elementor-widget-container\">\n\t\t\t\t\t\t\t<p>Am 6.12.2023 hat der Kreistag die <a href=\"https:\/\/www.kwu-entsorgung.de\/wp-content\/uploads\/2023\/12\/3.-Fortschreibung-AWIKO-2022-06.12.2023.pdf\">3. Fortschreibung des Integrierten Abfallwirtschaftskonzeptes<\/a> beschlossen.<br \/><br \/>Mit der 3. Fortschreibung des Integrierten Abfallwirtschaftskonzeptes f\u00fcr den Landkreis Oder-Spree (AWIKO) f\u00fcr den Zeitraum 2022 bis 2027 wird die bisher bestehende 2. Fortschreibung des AWIKO aktualisiert und fortgeschrieben.<br \/><br \/>Die Fortschreibung des AWIKO erfolgt unter Ber\u00fccksichtigung der abfallwirtschaftlichen Zielstellung der F\u00f6rderung einer abfallarmen Kreislaufwirtschaft und Sicherung der umweltvertr\u00e4glichen Abfallbeseitigung. Neben einer kurzen Darstellung der gesetzlichen Rahmenbedingungen in der Abfallwirtschaft werden das Entsorgungsgebiet und dessen Organisation beschrieben. Nachfolgend werden Aussagen zum notwendigen Ausschluss von Abf\u00e4llen von der \u00f6ffentlichen Abfallentsorgung und zum Abfallaufkommen sowie zur Abfallzusammensetzung getroffen.<br \/><br \/>Das AWIKO bezieht sich auf alle Abf\u00e4lle, f\u00fcr die der Landkreis Oder-Spree entsorgungspflichtig ist; das hei\u00dft auf zu beseitigende und zu verwertende Abfalle aus privaten Haushalten sowie auf Abfalle zur Beseitigung aus anderen Herkunftsbereichen (Industrie, Gewerbe etc.).<br \/><br \/>Eine Stark- und Schwachstellenanalyse bewertet die aktuelle Situation der Abfallwirtschaft im Landkreis und eine Abfallmengenprognose umfassend den Zeitraum bis zum Jahr 2031 und f\u00fchrt zu einer Absch\u00e4tzung der innerhalb der n\u00e4chsten 10 Jahre zu erwartenden Abfallmengen.<br \/>Die Entsorgungssicherheit f\u00fcr den Betrachtungszeitraum wird nachgewiesen. Abschlie\u00dfend werden alle notwendigen abfallwirtschaftlichen Ma\u00dfnahmen festgelegt und in einer Darstellung der Abfallbewirtschaftungsstrategie des Landkreises zusammengefasst.<\/p><p>Die vorhandenen M\u00f6glichkeiten zur Abfallvermeidung, -verwertung, -behandlung und -beseitigung werden einer kritischen Betrachtung unterzogen. Darauf basierend werden Aussagen zum notwendigen Ausschluss von Abf\u00e4llen von der \u00f6ffentlichen Abfallentsorgung getroffen. Die Entsorgungssicherheit f\u00fcr den Betrachtungszeitraum wird nachgewiesen. Nach der Festlegung aller notwendigen abfallwirtschaftlichen Ma\u00dfnahmen erfolgt die \u00dcberpr\u00fcfung, ob eine strategische Umweltpr\u00fcfung vorgenommen werden muss. Die Fortschreibung endet mit einer zusammenfassenden Handlungsempfehlung.<\/p><p><a href=\"https:\/\/www.kwu-entsorgung.de\/wp-content\/uploads\/2019\/11\/AWK_TEXT-2.pdf\"> 2. Fortschreibung des integrierten AWK des LOS 2008 bis 2017<\/a><\/p><p><a href=\"https:\/\/www.kwu-entsorgung.de\/wp-content\/uploads\/2019\/11\/1E_zumAWK-1.pdf\">1. Erg\u00e4nzung zum AWK<\/a><\/p>\t\t\t\t\t\t<\/div>\n\t\t\t\t<\/div>\n\t\t\t\t\t<\/div>\n\t\t<\/div>\n\t\t\t\t\t<\/div>\n\t\t<\/section>\n\t\t\t\t<\/div>\n\t\t","protected":false},"excerpt":{"rendered":"<p>Am 6.12.2023 hat der Kreistag die 3. Fortschreibung des Integrierten Abfallwirtschaftskonzeptes beschlossen. Mit der 3. Fortschreibung des Integrierten Abfallwirtschaftskonzeptes f\u00fcr den Landkreis Oder-Spree (AWIKO) f\u00fcr den Zeitraum 2022 bis 2027 wird die bisher bestehende 2. Fortschreibung des AWIKO aktualisiert und fortgeschrieben. Die Fortschreibung des AWIKO erfolgt unter Ber\u00fccksichtigung der abfallwirtschaftlichen Zielstellung der F\u00f6rderung einer abfallarmen&#8230;<\/p>\n","protected":false},"author":2,"featured_media":0,"parent":0,"menu_order":0,"comment_status":"closed","ping_status":"closed","template":"","meta":{"footnotes":""},"publishpress_future_action":{"enabled":false,"date":"2026-05-03 23:44:38","action":"change-status","newStatus":"draft","terms":[],"taxonomy":""},"_links":{"self":[{"href":"https:\/\/www.kwu-entsorgung.de\/index.php?rest_route=\/wp\/v2\/pages\/69694"}],"collection":[{"href":"https:\/\/www.kwu-entsorgung.de\/index.php?rest_route=\/wp\/v2\/pages"}],"about":[{"href":"https:\/\/www.kwu-entsorgung.de\/index.php?rest_route=\/wp\/v2\/types\/page"}],"author":[{"embeddable":true,"href":"https:\/\/www.kwu-entsorgung.de\/index.php?rest_route=\/wp\/v2\/users\/2"}],"replies":[{"embeddable":true,"href":"https:\/\/www.kwu-entsorgung.de\/index.php?rest_route=%2Fwp%2Fv2%2Fcomments&post=69694"}],"version-history":[{"count":4,"href":"https:\/\/www.kwu-entsorgung.de\/index.php?rest_route=\/wp\/v2\/pages\/69694\/revisions"}],"predecessor-version":[{"id":69699,"href":"https:\/\/www.kwu-entsorgung.de\/index.php?rest_route=\/wp\/v2\/pages\/69694\/revisions\/69699"}],"wp:attachment":[{"href":"https:\/\/www.kwu-entsorgung.de\/index.php?rest_route=%2Fwp%2Fv2%2Fmedia&parent=69694"}],"curies":[{"name":"wp","href":"https:\/\/api.w.org\/{rel}","templated":true}]}}

<div data-elementor-type="wp-page" data-elementor-id="69694" class="elementor elementor-69694">
						<section class="elementor-section elementor-top-section elementor-element elementor-element-2786f48 elementor-section-boxed elementor-section-height-default elementor-section-height-default" data-id="2786f48" data-element_type="section">
						<div class="elementor-container elementor-column-gap-default">
					<div class="elementor-column elementor-col-100 elementor-top-column elementor-element elementor-element-9a0ea27" data-id="9a0ea27" data-element_type="column">
			<div class="elementor-widget-wrap elementor-element-populated">
						<div class="elementor-element elementor-element-3fe5eee elementor-widget elementor-widget-text-editor" data-id="3fe5eee" data-element_type="widget" data-widget_type="text-editor.default">
				<div class="elementor-widget-container">
							<p>Am 6.12.2023 hat der Kreistag die <a href="https://www.kwu-entsorgung.de/wp-content/uploads/2023/12/3.-Fortschreibung-AWIKO-2022-06.12.2023.pdf">3. Fortschreibung des Integrierten Abfallwirtschaftskonzeptes</a> beschlossen.<br /><br />Mit der 3. Fortschreibung des Integrierten Abfallwirtschaftskonzeptes für den Landkreis Oder-Spree (AWIKO) für den Zeitraum 2022 bis 2027 wird die bisher bestehende 2. Fortschreibung des AWIKO aktualisiert und fortgeschrieben.<br /><br />Die Fortschreibung des AWIKO erfolgt unter Berücksichtigung der abfallwirtschaftlichen Zielstellung der Förderung einer abfallarmen Kreislaufwirtschaft und Sicherung der umweltverträglichen Abfallbeseitigung. Neben einer kurzen Darstellung der gesetzlichen Rahmenbedingungen in der Abfallwirtschaft werden das Entsorgungsgebiet und dessen Organisation beschrieben. Nachfolgend werden Aussagen zum notwendigen Ausschluss von Abfällen von der öffentlichen Abfallentsorgung und zum Abfallaufkommen sowie zur Abfallzusammensetzung getroffen.<br /><br />Das AWIKO bezieht sich auf alle Abfälle, für die der Landkreis Oder-Spree entsorgungspflichtig ist; das heißt auf zu beseitigende und zu verwertende Abfalle aus privaten Haushalten sowie auf Abfalle zur Beseitigung aus anderen Herkunftsbereichen (Industrie, Gewerbe etc.).<br /><br />Eine Stark- und Schwachstellenanalyse bewertet die aktuelle Situation der Abfallwirtschaft im Landkreis und eine Abfallmengenprognose umfassend den Zeitraum bis zum Jahr 2031 und führt zu einer Abschätzung der innerhalb der nächsten 10 Jahre zu erwartenden Abfallmengen.<br />Die Entsorgungssicherheit für den Betrachtungszeitraum wird nachgewiesen. Abschließend werden alle notwendigen abfallwirtschaftlichen Maßnahmen festgelegt und in einer Darstellung der Abfallbewirtschaftungsstrategie des Landkreises zusammengefasst.</p><p>Die vorhandenen Möglichkeiten zur Abfallvermeidung, -verwertung, -behandlung und -beseitigung werden einer kritischen Betrachtung unterzogen. Darauf basierend werden Aussagen zum notwendigen Ausschluss von Abfällen von der öffentlichen Abfallentsorgung getroffen. Die Entsorgungssicherheit für den Betrachtungszeitraum wird nachgewiesen. Nach der Festlegung aller notwendigen abfallwirtschaftlichen Maßnahmen erfolgt die Überprüfung, ob eine strategische Umweltprüfung vorgenommen werden muss. Die Fortschreibung endet mit einer zusammenfassenden Handlungsempfehlung.</p><p><a href="https://www.kwu-entsorgung.de/wp-content/uploads/2019/11/AWK_TEXT-2.pdf"> 2. Fortschreibung des integrierten AWK des LOS 2008 bis 2017</a></p><p><a href="https://www.kwu-entsorgung.de/wp-content/uploads/2019/11/1E_zumAWK-1.pdf">1. Ergänzung zum AWK</a></p>						</div>
				</div>
					</div>
		</div>
					</div>
		</section>
				</div>

<p>Am 6.12.2023 hat der Kreistag die 3. Fortschreibung des Integrierten Abfallwirtschaftskonzeptes beschlossen. Mit der 3. Fortschreibung des Integrierten Abfallwirtschaftskonzeptes für den Landkreis Oder-Spree (AWIKO) für den Zeitraum 2022 bis 2027 wird die bisher bestehende 2. Fortschreibung des AWIKO aktualisiert und fortgeschrieben. Die Fortschreibung des AWIKO erfolgt unter Berücksichtigung der abfallwirtschaftlichen Zielstellung der Förderung einer abfallarmen&#8230;</p>
