{"id":2577,"date":"2019-11-20T10:45:09","date_gmt":"2019-11-20T09:45:09","guid":{"rendered":"http:\/\/debian-015.kwu.lokal\/wordpress\/?page_id=2577"},"modified":"2020-10-21T13:39:15","modified_gmt":"2020-10-21T11:39:15","slug":"rechtliches","status":"publish","type":"page","link":"https:\/\/www.kwu-entsorgung.de\/?page_id=2577","title":{"rendered":"Rechtliches"},"content":{"rendered":"\t\t<div data-elementor-type=\"wp-post\" data-elementor-id=\"2577\" class=\"elementor elementor-2577\">\n\t\t\t\t\t\t<section class=\"elementor-section elementor-top-section elementor-element elementor-element-2c27981 elementor-section-boxed elementor-section-height-default elementor-section-height-default\" data-id=\"2c27981\" data-element_type=\"section\">\n\t\t\t\t\t\t<div class=\"elementor-container elementor-column-gap-default\">\n\t\t\t\t\t<div class=\"elementor-column elementor-col-100 elementor-top-column elementor-element elementor-element-16aa7d6\" data-id=\"16aa7d6\" data-element_type=\"column\">\n\t\t\t<div class=\"elementor-widget-wrap elementor-element-populated\">\n\t\t\t\t\t\t<div class=\"elementor-element elementor-element-f5b130d elementor-position-left elementor-vertical-align-top elementor-widget elementor-widget-image-box\" data-id=\"f5b130d\" data-element_type=\"widget\" data-widget_type=\"image-box.default\">\n\t\t\t\t<div class=\"elementor-widget-container\">\n\t\t\t<div class=\"elementor-image-box-wrapper\"><figure class=\"elementor-image-box-img\"><a href=\"https:\/\/www.kwu-entsorgung.de\/?page_id=108\" tabindex=\"-1\"><img decoding=\"async\" width=\"150\" height=\"150\" src=\"https:\/\/www.kwu-entsorgung.de\/wp-content\/uploads\/2020\/10\/Satzungen-150x150.jpg\" class=\"attachment-thumbnail size-thumbnail wp-image-4862\" alt=\"Satzungen: Wappen des Landkreises Oder-Spree vor B\u00fccherregal\" \/><\/a><\/figure><div class=\"elementor-image-box-content\"><h4 class=\"elementor-image-box-title\"><a href=\"https:\/\/www.kwu-entsorgung.de\/?page_id=108\">Satzungen<\/a><\/h4><p class=\"elementor-image-box-description\">\u00dcbersicht der Satzungen f\u00fcr den Eigenbetrieb Kommunales Wirtschaftsunternehmen Entsorgung<\/p><\/div><\/div>\t\t<\/div>\n\t\t\t\t<\/div>\n\t\t\t\t\t<\/div>\n\t\t<\/div>\n\t\t\t\t\t<\/div>\n\t\t<\/section>\n\t\t\t\t<section class=\"elementor-section elementor-top-section elementor-element elementor-element-494ea92 elementor-section-boxed elementor-section-height-default elementor-section-height-default\" data-id=\"494ea92\" data-element_type=\"section\">\n\t\t\t\t\t\t<div class=\"elementor-container elementor-column-gap-default\">\n\t\t\t\t\t<div class=\"elementor-column elementor-col-100 elementor-top-column elementor-element elementor-element-51dbe65\" data-id=\"51dbe65\" data-element_type=\"column\">\n\t\t\t<div class=\"elementor-widget-wrap elementor-element-populated\">\n\t\t\t\t\t\t<div class=\"elementor-element elementor-element-bd3c639 elementor-position-left elementor-vertical-align-top elementor-widget elementor-widget-image-box\" data-id=\"bd3c639\" data-element_type=\"widget\" data-widget_type=\"image-box.default\">\n\t\t\t\t<div class=\"elementor-widget-container\">\n\t\t\t<div class=\"elementor-image-box-wrapper\"><figure class=\"elementor-image-box-img\"><a href=\"https:\/\/www.kwu-entsorgung.de\/?page_id=3096\" tabindex=\"-1\"><img fetchpriority=\"high\" decoding=\"async\" width=\"852\" height=\"622\" src=\"https:\/\/www.kwu-entsorgung.de\/wp-content\/uploads\/2019\/12\/bo-az.jpg\" class=\"attachment-full size-full wp-image-2814\" alt=\"Link zur Benutzungsordnung des Wertstoffhofes, Abfallumschlagstation, Gefahrstoffannahme und Deponie &quot;Alte Ziegelei&quot; in Alt Golm\" srcset=\"https:\/\/www.kwu-entsorgung.de\/wp-content\/uploads\/2019\/12\/bo-az.jpg 852w, https:\/\/www.kwu-entsorgung.de\/wp-content\/uploads\/2019\/12\/bo-az-300x219.jpg 300w, https:\/\/www.kwu-entsorgung.de\/wp-content\/uploads\/2019\/12\/bo-az-768x561.jpg 768w\" sizes=\"(max-width: 852px) 100vw, 852px\" \/><\/a><\/figure><div class=\"elementor-image-box-content\"><h4 class=\"elementor-image-box-title\"><a href=\"https:\/\/www.kwu-entsorgung.de\/?page_id=3096\">Benutzungsordnungen<\/a><\/h4><p class=\"elementor-image-box-description\">Das Kommunale Wirtschaftsunternehmen Entsorgung hat f\u00fcr die Entsorgungsanlagen entsprechende Benutzungsordnungen erlassen.\n\n<\/p><\/div><\/div>\t\t<\/div>\n\t\t\t\t<\/div>\n\t\t\t\t\t<\/div>\n\t\t<\/div>\n\t\t\t\t\t<\/div>\n\t\t<\/section>\n\t\t\t\t<section class=\"elementor-section elementor-top-section elementor-element elementor-element-d9ac425 elementor-section-boxed elementor-section-height-default elementor-section-height-default\" data-id=\"d9ac425\" data-element_type=\"section\">\n\t\t\t\t\t\t<div class=\"elementor-container elementor-column-gap-default\">\n\t\t\t\t\t<div class=\"elementor-column elementor-col-100 elementor-top-column elementor-element elementor-element-47d697b\" data-id=\"47d697b\" data-element_type=\"column\">\n\t\t\t<div class=\"elementor-widget-wrap elementor-element-populated\">\n\t\t\t\t\t\t<div class=\"elementor-element elementor-element-98699fe elementor-position-left elementor-vertical-align-top elementor-widget elementor-widget-image-box\" data-id=\"98699fe\" data-element_type=\"widget\" data-widget_type=\"image-box.default\">\n\t\t\t\t<div class=\"elementor-widget-container\">\n\t\t\t<div class=\"elementor-image-box-wrapper\"><figure class=\"elementor-image-box-img\"><a href=\"https:\/\/www.kwu-entsorgung.de\/?page_id=2841\" tabindex=\"-1\"><img decoding=\"async\" width=\"150\" height=\"150\" src=\"https:\/\/www.kwu-entsorgung.de\/wp-content\/uploads\/2019\/12\/bookcase-335850_1920-150x150.jpg\" class=\"attachment-thumbnail size-thumbnail wp-image-2843\" alt=\"B\u00fccherregal\" \/><\/a><\/figure><div class=\"elementor-image-box-content\"><h4 class=\"elementor-image-box-title\"><a href=\"https:\/\/www.kwu-entsorgung.de\/?page_id=2841\">Rechtsgrundlagen<\/a><\/h4><p class=\"elementor-image-box-description\">Rechtsgrundlagen des Landes Brandenburg und des Bundes zur Abfallwirtschaft.<\/p><\/div><\/div>\t\t<\/div>\n\t\t\t\t<\/div>\n\t\t\t\t\t<\/div>\n\t\t<\/div>\n\t\t\t\t\t<\/div>\n\t\t<\/section>\n\t\t\t\t<section class=\"elementor-section elementor-top-section elementor-element elementor-element-0ea92c2 elementor-section-boxed elementor-section-height-default elementor-section-height-default\" data-id=\"0ea92c2\" data-element_type=\"section\">\n\t\t\t\t\t\t<div class=\"elementor-container elementor-column-gap-default\">\n\t\t\t\t\t<div class=\"elementor-column elementor-col-100 elementor-top-column elementor-element elementor-element-a1f31e3\" data-id=\"a1f31e3\" data-element_type=\"column\">\n\t\t\t<div class=\"elementor-widget-wrap elementor-element-populated\">\n\t\t\t\t\t\t<div class=\"elementor-element elementor-element-462de01 elementor-position-left elementor-vertical-align-top elementor-widget elementor-widget-image-box\" data-id=\"462de01\" data-element_type=\"widget\" data-widget_type=\"image-box.default\">\n\t\t\t\t<div class=\"elementor-widget-container\">\n\t\t\t<div class=\"elementor-image-box-wrapper\"><figure class=\"elementor-image-box-img\"><a href=\"https:\/\/www.kwu-entsorgung.de\/?page_id=2982\" tabindex=\"-1\"><img loading=\"lazy\" decoding=\"async\" width=\"150\" height=\"150\" src=\"https:\/\/www.kwu-entsorgung.de\/wp-content\/uploads\/2019\/12\/kwu-brief-150x150.png\" class=\"attachment-thumbnail size-thumbnail wp-image-2987\" alt=\"Briefumschlag mit @ Zeichen\" \/><\/a><\/figure><div class=\"elementor-image-box-content\"><h4 class=\"elementor-image-box-title\"><a href=\"https:\/\/www.kwu-entsorgung.de\/?page_id=2982\">Hinweise zur elektronischen Kommunikation<\/a><\/h4><p class=\"elementor-image-box-description\">Rahmenbedingungen zur \u00dcbermittlung elektronischer Dokumente f\u00fcr eine rechtsverbindliche elektronische Kommunikation zwischen B\u00fcrgern und B\u00fcrgerinnen, juristischen Personen des privaten und \u00f6ffentlichen Rechts und der Verwaltung. <\/p><\/div><\/div>\t\t<\/div>\n\t\t\t\t<\/div>\n\t\t\t\t\t<\/div>\n\t\t<\/div>\n\t\t\t\t\t<\/div>\n\t\t<\/section>\n\t\t\t\t<\/div>\n\t\t","protected":false},"excerpt":{"rendered":"<p>Satzungen \u00dcbersicht der Satzungen f\u00fcr den Eigenbetrieb Kommunales Wirtschaftsunternehmen Entsorgung Benutzungsordnungen Das Kommunale Wirtschaftsunternehmen Entsorgung hat f\u00fcr die Entsorgungsanlagen entsprechende Benutzungsordnungen erlassen. Rechtsgrundlagen Rechtsgrundlagen des Landes Brandenburg und des Bundes zur Abfallwirtschaft. Hinweise zur elektronischen Kommunikation Rahmenbedingungen zur \u00dcbermittlung elektronischer Dokumente f\u00fcr eine rechtsverbindliche elektronische Kommunikation zwischen B\u00fcrgern und B\u00fcrgerinnen, juristischen Personen des privaten und&#8230;<\/p>\n","protected":false},"author":2,"featured_media":0,"parent":0,"menu_order":0,"comment_status":"closed","ping_status":"closed","template":"","meta":{"footnotes":""},"publishpress_future_action":{"enabled":false,"date":"2026-05-08 20:09:51","action":"change-status","newStatus":"draft","terms":[],"taxonomy":""},"_links":{"self":[{"href":"https:\/\/www.kwu-entsorgung.de\/index.php?rest_route=\/wp\/v2\/pages\/2577"}],"collection":[{"href":"https:\/\/www.kwu-entsorgung.de\/index.php?rest_route=\/wp\/v2\/pages"}],"about":[{"href":"https:\/\/www.kwu-entsorgung.de\/index.php?rest_route=\/wp\/v2\/types\/page"}],"author":[{"embeddable":true,"href":"https:\/\/www.kwu-entsorgung.de\/index.php?rest_route=\/wp\/v2\/users\/2"}],"replies":[{"embeddable":true,"href":"https:\/\/www.kwu-entsorgung.de\/index.php?rest_route=%2Fwp%2Fv2%2Fcomments&post=2577"}],"version-history":[{"count":19,"href":"https:\/\/www.kwu-entsorgung.de\/index.php?rest_route=\/wp\/v2\/pages\/2577\/revisions"}],"predecessor-version":[{"id":4863,"href":"https:\/\/www.kwu-entsorgung.de\/index.php?rest_route=\/wp\/v2\/pages\/2577\/revisions\/4863"}],"wp:attachment":[{"href":"https:\/\/www.kwu-entsorgung.de\/index.php?rest_route=%2Fwp%2Fv2%2Fmedia&parent=2577"}],"curies":[{"name":"wp","href":"https:\/\/api.w.org\/{rel}","templated":true}]}}