{"id":151,"date":"2019-05-14T13:03:38","date_gmt":"2019-05-14T11:03:38","guid":{"rendered":"http:\/\/debian-015.kwu.lokal\/wordpress\/?page_id=151"},"modified":"2026-03-12T14:33:17","modified_gmt":"2026-03-12T13:33:17","slug":"publikationen","status":"publish","type":"page","link":"https:\/\/www.kwu-entsorgung.de\/?page_id=151","title":{"rendered":"Publikationen"},"content":{"rendered":"\t\t<div data-elementor-type=\"wp-post\" data-elementor-id=\"151\" class=\"elementor elementor-151\">\n\t\t\t\t\t\t<section class=\"elementor-section elementor-top-section elementor-element elementor-element-928aadb elementor-section-boxed elementor-section-height-default elementor-section-height-default\" data-id=\"928aadb\" data-element_type=\"section\">\n\t\t\t\t\t\t<div class=\"elementor-container elementor-column-gap-default\">\n\t\t\t\t\t<div class=\"elementor-column elementor-col-100 elementor-top-column elementor-element elementor-element-dba2abb\" data-id=\"dba2abb\" data-element_type=\"column\">\n\t\t\t<div class=\"elementor-widget-wrap elementor-element-populated\">\n\t\t\t\t\t\t<div class=\"elementor-element elementor-element-30de92e elementor-widget elementor-widget-text-editor\" data-id=\"30de92e\" data-element_type=\"widget\" data-widget_type=\"text-editor.default\">\n\t\t\t\t<div class=\"elementor-widget-container\">\n\t\t\t\t\t\t\t<p>Hier finden Sie Infomaterial und diverse Brosch\u00fcren rund um die Abfallwirtschaft im Landkreis Oder-Spree zum Herunterladen. Alle Dokumente stehen im PDF-Format zur Verf\u00fcgung.<\/p>\t\t\t\t\t\t<\/div>\n\t\t\t\t<\/div>\n\t\t\t\t\t<\/div>\n\t\t<\/div>\n\t\t\t\t\t<\/div>\n\t\t<\/section>\n\t\t\t\t<section class=\"elementor-section elementor-top-section elementor-element elementor-element-344de3c elementor-section-boxed elementor-section-height-default elementor-section-height-default\" data-id=\"344de3c\" data-element_type=\"section\">\n\t\t\t\t\t\t<div class=\"elementor-container elementor-column-gap-default\">\n\t\t\t\t\t<div class=\"elementor-column elementor-col-100 elementor-top-column elementor-element elementor-element-b87719d\" data-id=\"b87719d\" data-element_type=\"column\">\n\t\t\t<div class=\"elementor-widget-wrap elementor-element-populated\">\n\t\t\t\t\t\t<div class=\"elementor-element elementor-element-c5d4b81 elementor-widget elementor-widget-image\" data-id=\"c5d4b81\" data-element_type=\"widget\" data-widget_type=\"image.default\">\n\t\t\t\t<div class=\"elementor-widget-container\">\n\t\t\t\t\t\t\t\t\t\t\t\t\t<img fetchpriority=\"high\" decoding=\"async\" width=\"513\" height=\"340\" src=\"https:\/\/www.kwu-entsorgung.de\/wp-content\/uploads\/2019\/06\/books-691980__340.jpg\" class=\"attachment-large size-large wp-image-841\" alt=\"B\u00fccherregal\" srcset=\"https:\/\/www.kwu-entsorgung.de\/wp-content\/uploads\/2019\/06\/books-691980__340.jpg 513w, https:\/\/www.kwu-entsorgung.de\/wp-content\/uploads\/2019\/06\/books-691980__340-300x199.jpg 300w, https:\/\/www.kwu-entsorgung.de\/wp-content\/uploads\/2019\/06\/books-691980__340-380x252.jpg 380w\" sizes=\"(max-width: 513px) 100vw, 513px\" \/>\t\t\t\t\t\t\t\t\t\t\t\t\t<\/div>\n\t\t\t\t<\/div>\n\t\t\t\t<div class=\"elementor-element elementor-element-a25d08e elementor-widget elementor-widget-accordion\" data-id=\"a25d08e\" data-element_type=\"widget\" data-settings=\"{&quot;_animation&quot;:&quot;none&quot;}\" data-widget_type=\"accordion.default\">\n\t\t\t\t<div class=\"elementor-widget-container\">\n\t\t\t\t\t<div class=\"elementor-accordion\">\n\t\t\t\t\t\t\t<div class=\"elementor-accordion-item\">\n\t\t\t\t\t<div id=\"elementor-tab-title-1701\" class=\"elementor-tab-title\" data-tab=\"1\" role=\"button\" aria-controls=\"elementor-tab-content-1701\" aria-expanded=\"false\">\n\t\t\t\t\t\t\t\t\t\t\t\t\t<span class=\"elementor-accordion-icon elementor-accordion-icon-left\" aria-hidden=\"true\">\n\t\t\t\t\t\t\t\t\t\t\t\t\t\t\t<span class=\"elementor-accordion-icon-closed\"><i class=\"fas fa-chevron-right\"><\/i><\/span>\n\t\t\t\t\t\t\t\t<span class=\"elementor-accordion-icon-opened\"><i class=\"fas fa-chevron-down\"><\/i><\/span>\n\t\t\t\t\t\t\t\t\t\t\t\t\t\t<\/span>\n\t\t\t\t\t\t\t\t\t\t\t\t<a class=\"elementor-accordion-title\" tabindex=\"0\">Brosch\u00fcren und Flyer alphabetisch sortiert von  \"Abfall richtig sortieren\" bis \"Wintertipps f\u00fcr angefrorene Abf\u00e4lle\"<\/a>\n\t\t\t\t\t<\/div>\n\t\t\t\t\t<div id=\"elementor-tab-content-1701\" class=\"elementor-tab-content elementor-clearfix\" data-tab=\"1\" role=\"region\" aria-labelledby=\"elementor-tab-title-1701\"><p><a href=\"https:\/\/www.kwu-entsorgung.de\/wp-content\/uploads\/2023\/04\/Abfallt-richtig-sortieren_Sort-waste-correctly_2023.pdf\">Abfall richtig sortieren (mehrsprachig)<\/a><\/p><p><a href=\"https:\/\/www.kwu-entsorgung.de\/wp-content\/uploads\/2026\/01\/Gebuehren-2026.pdf\">Abfallgeb\u00fchren 2026<\/a><\/p><p><a href=\"https:\/\/www.kwu-entsorgung.de\/wp-content\/uploads\/2023\/09\/Abfalltrennhilfe-Deutsch-Englisch-Polnisch_neu.pdf\">Abfalltrennhilfe Deutsch &#8211; Englisch &#8211; Polnisch<\/a><\/p><p><a href=\"https:\/\/www.kwu-entsorgung.de\/wp-content\/uploads\/2023\/09\/Abfalltrennhilfe-Deutsch-Englisch-Ukrainisch_neu.pdf\">Abfalltrennhilfe Deutsch &#8211; Englisch &#8211; Ukrainisch<\/a><\/p><p><a href=\"https:\/\/www.kwu-entsorgung.de\/wp-content\/uploads\/2023\/09\/Abfalltrennhilfe-in-fuenf-Sprachen_neu.pdf\">Abfalltrennhilfe in f\u00fcnf Sprachen<br \/><\/a><\/p><p><a href=\"https:\/\/www.kwu-entsorgung.de\/wp-content\/uploads\/2025\/09\/Infoblatt-Altkleider.pdf\">Altkleidersammlung (Infoblatt)<\/a><\/p><p><a href=\"https:\/\/www.kwu-entsorgung.de\/wp-content\/uploads\/2026\/01\/Asbest-2026.pdf\">Asbestentsorgung<\/a><\/p><p><a href=\"https:\/\/www.kwu-entsorgung.de\/wp-content\/uploads\/2025\/11\/Hinweise-zum-optimalen-Behaelterstandplatz_neu.pdf\">Beh\u00e4lterstandplatz<\/a><\/p><p><a href=\"https:\/\/www.kwu-entsorgung.de\/wp-content\/uploads\/2026\/01\/Biotonne-2026.pdf\">Biotonne<\/a><\/p><p><a href=\"https:\/\/www.kwu-entsorgung.de\/wp-content\/uploads\/2026\/01\/Dispersionsfarben-2026.pdf\">Dispersionsfarben<\/a><\/p><p><a href=\"https:\/\/www.kwu-entsorgung.de\/wp-content\/uploads\/2026\/01\/Eigenkompostierung-2026.pdf\">Eigenkompostierung<\/a><\/p><p><a href=\"https:\/\/www.kwu-entsorgung.de\/wp-content\/uploads\/2026\/01\/Energiesparlampen-2026.pdf\">Energiesparlampen<\/a><\/p><p><a href=\"https:\/\/www.kwu-entsorgung.de\/wp-content\/uploads\/2026\/01\/Gewerbe-2026.pdf\">Entsorgung von gewerblichen Siedlungsabf\u00e4llen<\/a><\/p><p><a href=\"https:\/\/www.kwu-entsorgung.de\/wp-content\/uploads\/2026\/01\/GelberSack-2026.pdf\">Gelber Sack\/Leichtverpackungen<\/a><\/p><p><a href=\"https:\/\/www.kwu-entsorgung.de\/wp-content\/uploads\/2026\/01\/Kleingartenanlagen-2026.pdf\">Kleingartenanlagen<\/a><\/p><p><a href=\"https:\/\/www.kwu-entsorgung.de\/wp-content\/uploads\/2026\/01\/Papiertonne-2026.pdf\">Papiertonne<\/a><\/p><p><a href=\"https:\/\/www.kwu-entsorgung.de\/wp-content\/uploads\/2026\/01\/Restabfall-2026.pdf\">Restabfallentsorgung<\/a><\/p><p><a href=\"https:\/\/www.kwu-entsorgung.de\/wp-content\/uploads\/2026\/01\/Schadstoff-2026.pdf\">Schadstoffentsorgung<\/a><\/p><p><a href=\"https:\/\/www.kwu-entsorgung.de\/wp-content\/uploads\/2026\/01\/Sperrmuell-2026.pdf\">Sperrm\u00fcll \/Elektrogro\u00df- und K\u00fchlger\u00e4te<\/a><\/p><p><a href=\"https:\/\/www.kwu-entsorgung.de\/wp-content\/uploads\/2026\/01\/Verschenkboerse-2026.pdf\">Verschenken<\/a><\/p><p><a href=\"https:\/\/www.kwu-entsorgung.de\/wp-content\/uploads\/2026\/01\/Wertstoffhoefe-2026_neu.pdf\">Wertstoffh\u00f6fe im Landkreis Oder-Spree 2026<\/a><\/p><p><a href=\"https:\/\/www.kwu-entsorgung.de\/wp-content\/uploads\/2023\/11\/Tipps-zur-kalten-Jahreszeit_2023.pdf\">Wintertipps f\u00fcr angefrorene Abf\u00e4lle<\/a><\/p><\/div>\n\t\t\t\t<\/div>\n\t\t\t\t\t\t\t<div class=\"elementor-accordion-item\">\n\t\t\t\t\t<div id=\"elementor-tab-title-1702\" class=\"elementor-tab-title\" data-tab=\"2\" role=\"button\" aria-controls=\"elementor-tab-content-1702\" aria-expanded=\"false\">\n\t\t\t\t\t\t\t\t\t\t\t\t\t<span class=\"elementor-accordion-icon elementor-accordion-icon-left\" aria-hidden=\"true\">\n\t\t\t\t\t\t\t\t\t\t\t\t\t\t\t<span class=\"elementor-accordion-icon-closed\"><i class=\"fas fa-chevron-right\"><\/i><\/span>\n\t\t\t\t\t\t\t\t<span class=\"elementor-accordion-icon-opened\"><i class=\"fas fa-chevron-down\"><\/i><\/span>\n\t\t\t\t\t\t\t\t\t\t\t\t\t\t<\/span>\n\t\t\t\t\t\t\t\t\t\t\t\t<a class=\"elementor-accordion-title\" tabindex=\"0\">Abfall-KOMPASS<\/a>\n\t\t\t\t\t<\/div>\n\t\t\t\t\t<div id=\"elementor-tab-content-1702\" class=\"elementor-tab-content elementor-clearfix\" data-tab=\"2\" role=\"region\" aria-labelledby=\"elementor-tab-title-1702\"><p><a href=\"https:\/\/www.kwu-entsorgung.de\/wp-content\/uploads\/2025\/12\/Abfall_KOMPASS_2026.pdf\"><strong>Abfall-KOMPASS 2026<\/strong><\/a><\/p><p><a href=\"https:\/\/www.kwu-entsorgung.de\/wp-content\/uploads\/2024\/12\/Abfall_KOMPASS_2025.pdf\"><strong>Abfall-KOMPASS 2025<\/strong><\/a><\/p><p><a href=\"https:\/\/www.kwu-entsorgung.de\/wp-content\/uploads\/2023\/12\/Abfall_KOMPASS_2024.pdf\"><strong>Abfall-KOMPASS 2024<\/strong><\/a><\/p><p><a href=\"https:\/\/www.kwu-entsorgung.de\/wp-content\/uploads\/2022\/12\/Abfall_KOMPASS_2023.pdf\"><strong>Abfall-KOMPASS 2023<\/strong><\/a><\/p><p><a href=\"https:\/\/www.kwu-entsorgung.de\/wp-content\/uploads\/2021\/12\/Abfall_KOMPASS_2022.pdf\"><strong>Abfall-KOMPASS 2022<\/strong><\/a><\/p><p><a href=\"https:\/\/www.kwu-entsorgung.de\/wp-content\/uploads\/2020\/12\/Abfall_KOMPASS_2021.pdf\"><strong>Abfall-KOMPASS 2021<\/strong><\/a><\/p><p><a href=\"https:\/\/www.kwu-entsorgung.de\/wp-content\/uploads\/2019\/12\/Abfall_KOMPASS_2020.pdf\"><strong>Abfall-KOMPASS 2020<\/strong><\/a><\/p><\/div>\n\t\t\t\t<\/div>\n\t\t\t\t\t\t\t<div class=\"elementor-accordion-item\">\n\t\t\t\t\t<div id=\"elementor-tab-title-1703\" class=\"elementor-tab-title\" data-tab=\"3\" role=\"button\" aria-controls=\"elementor-tab-content-1703\" aria-expanded=\"false\">\n\t\t\t\t\t\t\t\t\t\t\t\t\t<span class=\"elementor-accordion-icon elementor-accordion-icon-left\" aria-hidden=\"true\">\n\t\t\t\t\t\t\t\t\t\t\t\t\t\t\t<span class=\"elementor-accordion-icon-closed\"><i class=\"fas fa-chevron-right\"><\/i><\/span>\n\t\t\t\t\t\t\t\t<span class=\"elementor-accordion-icon-opened\"><i class=\"fas fa-chevron-down\"><\/i><\/span>\n\t\t\t\t\t\t\t\t\t\t\t\t\t\t<\/span>\n\t\t\t\t\t\t\t\t\t\t\t\t<a class=\"elementor-accordion-title\" tabindex=\"0\">KWUreport (vormals LOSreport) <\/a>\n\t\t\t\t\t<\/div>\n\t\t\t\t\t<div id=\"elementor-tab-content-1703\" class=\"elementor-tab-content elementor-clearfix\" data-tab=\"3\" role=\"region\" aria-labelledby=\"elementor-tab-title-1703\"><p><a href=\"https:\/\/www.kwu-entsorgung.de\/wp-content\/uploads\/2023\/12\/KWUreport-04_2023.pdf\"><strong>KWUreport 04\/2023<\/strong><\/a><\/p><p><a href=\"https:\/\/www.kwu-entsorgung.de\/wp-content\/uploads\/2023\/10\/KWUreport_Ausgabe_03_2023.pdf\"><strong>KWUreport 03\/2023<\/strong><\/a><\/p><p><a href=\"https:\/\/www.kwu-entsorgung.de\/wp-content\/uploads\/2023\/07\/KWUreport-02_2023.pdf\">KWUreport 02\/2023<\/a><\/p><p><a href=\"https:\/\/www.kwu-entsorgung.de\/wp-content\/uploads\/2023\/04\/KWUreport_01_2023.pdf\">KWUreport 01\/2023<\/a><\/p><p><a href=\"https:\/\/www.kwu-entsorgung.de\/wp-content\/uploads\/2022\/12\/KWUreport_04_2022.pdf\">KWUreport 04\/2022<\/a><\/p><p><a href=\"https:\/\/www.kwu-entsorgung.de\/wp-content\/uploads\/2022\/10\/KWUreport-03_2022.pdf\">KWUreport 03\/2022<\/a><\/p><p><a href=\"https:\/\/www.kwu-entsorgung.de\/wp-content\/uploads\/2022\/06\/KWUreport_02_2022.pdf\">KWUreport 02\/2022<\/a><\/p><p><a href=\"https:\/\/www.kwu-entsorgung.de\/wp-content\/uploads\/2022\/03\/KWUreport_01_2022.pdf\">KWUreport 01\/2022<\/a><\/p><p><a href=\"https:\/\/www.kwu-entsorgung.de\/wp-content\/uploads\/2021\/12\/KWUreport_04_2021.pdf\">KWUreport 04\/2021<\/a><\/p><p><a href=\"https:\/\/www.kwu-entsorgung.de\/wp-content\/uploads\/2021\/10\/KWUreport-03_2021.pdf\">KWUreport 03\/2021<\/a><\/p><p><a href=\"https:\/\/www.kwu-entsorgung.de\/wp-content\/uploads\/2021\/06\/KWUreport_02_2021.pdf\">KWUreport 02\/2021<\/a><\/p><p><a href=\"https:\/\/www.kwu-entsorgung.de\/wp-content\/uploads\/2021\/03\/KWUreport_01_2021.pdf\">KWUreport 01\/2021<\/a><\/p><p><a href=\"https:\/\/www.kwu-entsorgung.de\/wp-content\/uploads\/2020\/12\/LOSreport-04_2020.pdf\">LOSreport 04\/2020<\/a><\/p><p><a href=\"https:\/\/www.kwu-entsorgung.de\/wp-content\/uploads\/2020\/08\/LOSreport_03_2020.pdf\">LOSreport 03\/2020<\/a><\/p><p><a href=\"https:\/\/www.kwu-entsorgung.de\/wp-content\/uploads\/2020\/05\/LOSreport_02_2020.pdf\">LOSreport 02\/2020<\/a><\/p><p><a href=\"https:\/\/www.kwu-entsorgung.de\/wp-content\/uploads\/2020\/02\/LOSreport_01_2020_neu.pdf\">LOSreport 01\/2020<\/a><\/p><p><a href=\"https:\/\/www.kwu-entsorgung.de\/wp-content\/uploads\/2019\/12\/LOSreport_03_2019.pdf\">LOSreport 03\/2019<\/a><\/p><p><a href=\"https:\/\/www.kwu-entsorgung.de\/wp-content\/uploads\/2019\/11\/LOSreport_02_2019_web_Stand01.08..pdf\">LOSreport 02\/2019<\/a><\/p><p><a href=\"https:\/\/www.kwu-entsorgung.de\/wp-content\/uploads\/2019\/11\/LOSreport__01_2019.pdf\">LOSreport 01\/2019 <\/a><\/p><p><a href=\"https:\/\/www.kwu-entsorgung.de\/wp-content\/uploads\/2019\/11\/LOSreport_03_2018.pdf\">LOSreport 03\/2018<\/a><\/p><p><a href=\"https:\/\/www.kwu-entsorgung.de\/wp-content\/uploads\/2019\/11\/LOSreport_02_2018.pdf\">LOSreport 02\/2018<\/a><\/p><p><a href=\"https:\/\/www.kwu-entsorgung.de\/wp-content\/uploads\/2019\/11\/LOSreport_1_2018.pdf\">LOSreport 01\/2018<br \/><\/a><\/p><\/div>\n\t\t\t\t<\/div>\n\t\t\t\t\t\t\t\t<\/div>\n\t\t\t\t<\/div>\n\t\t\t\t<\/div>\n\t\t\t\t\t<\/div>\n\t\t<\/div>\n\t\t\t\t\t<\/div>\n\t\t<\/section>\n\t\t\t\t<\/div>\n\t\t","protected":false},"excerpt":{"rendered":"<p>Hier finden Sie Infomaterial und diverse Brosch\u00fcren rund um die Abfallwirtschaft im Landkreis Oder-Spree zum Herunterladen. Alle Dokumente stehen im PDF-Format zur Verf\u00fcgung. Brosch\u00fcren und Flyer alphabetisch sortiert von &#8222;Abfall richtig sortieren&#8220; bis &#8222;Wintertipps f\u00fcr angefrorene Abf\u00e4lle&#8220; Abfall richtig sortieren (mehrsprachig) Abfallgeb\u00fchren 2026 Abfalltrennhilfe Deutsch &#8211; Englisch &#8211; Polnisch Abfalltrennhilfe Deutsch &#8211; Englisch &#8211; Ukrainisch&#8230;<\/p>\n","protected":false},"author":2,"featured_media":0,"parent":0,"menu_order":0,"comment_status":"closed","ping_status":"closed","template":"","meta":{"footnotes":""},"publishpress_future_action":{"enabled":false,"date":"2026-04-22 12:57:12","action":"change-status","newStatus":"draft","terms":[],"taxonomy":""},"_links":{"self":[{"href":"https:\/\/www.kwu-entsorgung.de\/index.php?rest_route=\/wp\/v2\/pages\/151"}],"collection":[{"href":"https:\/\/www.kwu-entsorgung.de\/index.php?rest_route=\/wp\/v2\/pages"}],"about":[{"href":"https:\/\/www.kwu-entsorgung.de\/index.php?rest_route=\/wp\/v2\/types\/page"}],"author":[{"embeddable":true,"href":"https:\/\/www.kwu-entsorgung.de\/index.php?rest_route=\/wp\/v2\/users\/2"}],"replies":[{"embeddable":true,"href":"https:\/\/www.kwu-entsorgung.de\/index.php?rest_route=%2Fwp%2Fv2%2Fcomments&post=151"}],"version-history":[{"count":527,"href":"https:\/\/www.kwu-entsorgung.de\/index.php?rest_route=\/wp\/v2\/pages\/151\/revisions"}],"predecessor-version":[{"id":69709,"href":"https:\/\/www.kwu-entsorgung.de\/index.php?rest_route=\/wp\/v2\/pages\/151\/revisions\/69709"}],"wp:attachment":[{"href":"https:\/\/www.kwu-entsorgung.de\/index.php?rest_route=%2Fwp%2Fv2%2Fmedia&parent=151"}],"curies":[{"name":"wp","href":"https:\/\/api.w.org\/{rel}","templated":true}]}}