{"id":12439,"date":"2023-09-19T11:12:24","date_gmt":"2023-09-19T09:12:24","guid":{"rendered":"https:\/\/www.kwu-entsorgung.de\/?page_id=12439"},"modified":"2023-10-12T16:03:38","modified_gmt":"2023-10-12T14:03:38","slug":"gewerbeabfall","status":"publish","type":"page","link":"https:\/\/www.kwu-entsorgung.de\/?page_id=12439","title":{"rendered":"Gewerbeabfall"},"content":{"rendered":"\t\t<div data-elementor-type=\"wp-post\" data-elementor-id=\"12439\" class=\"elementor elementor-12439\">\n\t\t\t\t\t\t<section class=\"elementor-section elementor-top-section elementor-element elementor-element-c5685bd elementor-section-boxed elementor-section-height-default elementor-section-height-default\" data-id=\"c5685bd\" data-element_type=\"section\">\n\t\t\t\t\t\t<div class=\"elementor-container elementor-column-gap-default\">\n\t\t\t\t\t<div class=\"elementor-column elementor-col-100 elementor-top-column elementor-element elementor-element-f0e0d3e\" data-id=\"f0e0d3e\" data-element_type=\"column\">\n\t\t\t<div class=\"elementor-widget-wrap elementor-element-populated\">\n\t\t\t\t\t\t<div class=\"elementor-element elementor-element-e17986b elementor-widget elementor-widget-image\" data-id=\"e17986b\" data-element_type=\"widget\" data-widget_type=\"image.default\">\n\t\t\t\t<div class=\"elementor-widget-container\">\n\t\t\t\t\t\t\t\t\t\t\t\t\t<img fetchpriority=\"high\" decoding=\"async\" width=\"640\" height=\"427\" src=\"https:\/\/www.kwu-entsorgung.de\/wp-content\/uploads\/2023\/09\/Symbolbild-Gewerbeabfall-768x512.jpg\" class=\"attachment-medium_large size-medium_large wp-image-12454\" alt=\"\" srcset=\"https:\/\/www.kwu-entsorgung.de\/wp-content\/uploads\/2023\/09\/Symbolbild-Gewerbeabfall-768x512.jpg 768w, https:\/\/www.kwu-entsorgung.de\/wp-content\/uploads\/2023\/09\/Symbolbild-Gewerbeabfall-300x200.jpg 300w, https:\/\/www.kwu-entsorgung.de\/wp-content\/uploads\/2023\/09\/Symbolbild-Gewerbeabfall-1024x682.jpg 1024w, https:\/\/www.kwu-entsorgung.de\/wp-content\/uploads\/2023\/09\/Symbolbild-Gewerbeabfall.jpg 1280w\" sizes=\"(max-width: 640px) 100vw, 640px\" \/>\t\t\t\t\t\t\t\t\t\t\t\t\t<\/div>\n\t\t\t\t<\/div>\n\t\t\t\t<div class=\"elementor-element elementor-element-23f5f0a elementor-widget elementor-widget-text-editor\" data-id=\"23f5f0a\" data-element_type=\"widget\" data-widget_type=\"text-editor.default\">\n\t\t\t\t<div class=\"elementor-widget-container\">\n\t\t\t\t\t\t\t<p><strong>Verwertung und\/oder Beseitigung \u2013 was ist zu beachten?<\/strong><\/p><p>In Gewerbe- und Industriebetrieben fallen neben dem Restabfall weitere produktionsspezifische Abf\u00e4lle an, die verwertet werden sollen. Hierzu geh\u00f6ren Abf\u00e4lle aus Papier, Pappe, Kartonagen,\u00a0 Kunststoffen, Folien, Holzresten, Verpackungen, Glas, Keramik, Gummi und Metallen.<\/p><p>Die Gewerbeabfallverordnung\u00a0 (GewAbfV) regelt den Umgang mit diesen Abf\u00e4llen und stellt besondere Anforderungen an eine hochwerte Verwertung.<\/p><p>Hier erhalten Sie Informationen \u2026<\/p><ul><li>Zur <a href=\"https:\/\/mluk.brandenburg.de\/mluk\/de\/umwelt\/abfall\/abfaelle-aus-gewerbe\/gewerbeabfallverordnung\/\"><strong>Gewerbeabfallverordnung<\/strong><\/a><\/li><li>Zu <strong><a href=\"https:\/\/abfalldaten.brandenburg.de\/de\/entsorgungsanlagen\">Entsorgungsanlagen<\/a><\/strong><\/li><li>Zur <strong><a href=\"https:\/\/www.erde-recycling.de\/\">Entsorgung von Erntekunststoffen<\/a><\/strong><\/li><\/ul><p>Einen <a href=\"https:\/\/mluk.brandenburg.de\/mluk\/de\/umwelt\/abfall\/abfaelle-aus-gewerbe\/\"><strong>Leitfaden zur Entsorgung von Abf\u00e4llen aus Gewerben<\/strong><\/a> finden Sie auf der Internetseite des Ministeriums f\u00fcr Landwirtschaft, Umwelt und Klimaschutz (MLUK).<\/p><p><strong>Restabfall: \u00dcberlassungspflicht<\/strong><\/p><p>Abf\u00e4lle, die nicht verwertet werden k\u00f6nnen, m\u00fcssen getrennt gehalten \u00fcber Restabfallbeh\u00e4lter dem \u00f6ffentlich-rechtlichen Entsorgungstr\u00e4ger (KWU-Entsorgung) als Abfall zur Beseitigung \u00fcberlassen werden.<\/p><p>Dazu z\u00e4hlen zum Beispiel:<\/p><ul><li>Kehricht, Abf\u00e4lle aus B\u00fcroreinigung, Staubsaugerbeutel<\/li><li>Gl\u00fchlampen (keine Energiesparlampen)<\/li><li>Hygieneartikel aus dem Toilettenbereich<\/li><li>Zigarettenasche, Zigarettenkippen<\/li><li>mit \u201eBio\u201c vermischte Abf\u00e4lle (aus Pausenraum, Teek\u00fcche, Warteraum etc.)<\/li><li>defekte und verbrauchte B\u00fcromaterialien<\/li><\/ul><p><strong>Sie haben Fragen zu Gewerbeabf\u00e4llen?<\/strong><\/p><p>Wir helfen Ihnen gern, die passende Beh\u00e4ltergestellung f\u00fcr Restabfall zu finden. Telefonisch Beratung unter: <strong>03361 \/ 7743-63<\/strong>.<\/p>\t\t\t\t\t\t<\/div>\n\t\t\t\t<\/div>\n\t\t\t\t\t<\/div>\n\t\t<\/div>\n\t\t\t\t\t<\/div>\n\t\t<\/section>\n\t\t\t\t<section class=\"elementor-section elementor-top-section elementor-element elementor-element-2327089 elementor-section-boxed elementor-section-height-default elementor-section-height-default\" data-id=\"2327089\" data-element_type=\"section\">\n\t\t\t\t\t\t<div class=\"elementor-container elementor-column-gap-default\">\n\t\t\t\t\t<div class=\"elementor-column elementor-col-100 elementor-top-column elementor-element elementor-element-37f2969\" data-id=\"37f2969\" data-element_type=\"column\">\n\t\t\t<div class=\"elementor-widget-wrap\">\n\t\t\t\t\t\t\t<\/div>\n\t\t<\/div>\n\t\t\t\t\t<\/div>\n\t\t<\/section>\n\t\t\t\t<\/div>\n\t\t","protected":false},"excerpt":{"rendered":"<p>Verwertung und\/oder Beseitigung \u2013 was ist zu beachten? In Gewerbe- und Industriebetrieben fallen neben dem Restabfall weitere produktionsspezifische Abf\u00e4lle an, die verwertet werden sollen. Hierzu geh\u00f6ren Abf\u00e4lle aus Papier, Pappe, Kartonagen,\u00a0 Kunststoffen, Folien, Holzresten, Verpackungen, Glas, Keramik, Gummi und Metallen. Die Gewerbeabfallverordnung\u00a0 (GewAbfV) regelt den Umgang mit diesen Abf\u00e4llen und stellt besondere Anforderungen an eine&#8230;<\/p>\n","protected":false},"author":3,"featured_media":12454,"parent":0,"menu_order":0,"comment_status":"closed","ping_status":"closed","template":"","meta":{"footnotes":""},"publishpress_future_action":{"enabled":false,"date":"2026-04-24 13:25:06","action":"change-status","newStatus":"draft","terms":[],"taxonomy":""},"_links":{"self":[{"href":"https:\/\/www.kwu-entsorgung.de\/index.php?rest_route=\/wp\/v2\/pages\/12439"}],"collection":[{"href":"https:\/\/www.kwu-entsorgung.de\/index.php?rest_route=\/wp\/v2\/pages"}],"about":[{"href":"https:\/\/www.kwu-entsorgung.de\/index.php?rest_route=\/wp\/v2\/types\/page"}],"author":[{"embeddable":true,"href":"https:\/\/www.kwu-entsorgung.de\/index.php?rest_route=\/wp\/v2\/users\/3"}],"replies":[{"embeddable":true,"href":"https:\/\/www.kwu-entsorgung.de\/index.php?rest_route=%2Fwp%2Fv2%2Fcomments&post=12439"}],"version-history":[{"count":33,"href":"https:\/\/www.kwu-entsorgung.de\/index.php?rest_route=\/wp\/v2\/pages\/12439\/revisions"}],"predecessor-version":[{"id":12636,"href":"https:\/\/www.kwu-entsorgung.de\/index.php?rest_route=\/wp\/v2\/pages\/12439\/revisions\/12636"}],"wp:featuredmedia":[{"embeddable":true,"href":"https:\/\/www.kwu-entsorgung.de\/index.php?rest_route=\/wp\/v2\/media\/12454"}],"wp:attachment":[{"href":"https:\/\/www.kwu-entsorgung.de\/index.php?rest_route=%2Fwp%2Fv2%2Fmedia&parent=12439"}],"curies":[{"name":"wp","href":"https:\/\/api.w.org\/{rel}","templated":true}]}}