{"id":122,"date":"2019-05-14T12:56:06","date_gmt":"2019-05-14T10:56:06","guid":{"rendered":"http:\/\/debian-015.kwu.lokal\/wordpress\/?page_id=122"},"modified":"2025-01-24T13:45:17","modified_gmt":"2025-01-24T12:45:17","slug":"verwaltung","status":"publish","type":"page","link":"https:\/\/www.kwu-entsorgung.de\/?page_id=122","title":{"rendered":"Verwaltung"},"content":{"rendered":"\t\t<div data-elementor-type=\"wp-page\" data-elementor-id=\"122\" class=\"elementor elementor-122\">\n\t\t\t\t\t\t<section class=\"elementor-section elementor-top-section elementor-element elementor-element-11e6dc6d elementor-section-boxed elementor-section-height-default elementor-section-height-default\" data-id=\"11e6dc6d\" data-element_type=\"section\">\n\t\t\t\t\t\t<div class=\"elementor-container elementor-column-gap-default\">\n\t\t\t\t\t<div class=\"elementor-column elementor-col-100 elementor-top-column elementor-element elementor-element-5ace8f69\" data-id=\"5ace8f69\" data-element_type=\"column\">\n\t\t\t<div class=\"elementor-widget-wrap elementor-element-populated\">\n\t\t\t\t\t\t<div class=\"elementor-element elementor-element-7f28d6d1 elementor-widget elementor-widget-text-editor\" data-id=\"7f28d6d1\" data-element_type=\"widget\" data-widget_type=\"text-editor.default\">\n\t\t\t\t<div class=\"elementor-widget-container\">\n\t\t\t\t\t\t\t<p><!-- wp:image {\"id\":115} --><\/p>\n<figure class=\"wp-block-image\"><figure id=\"attachment_115\" aria-describedby=\"caption-attachment-115\" style=\"width: 300px\" class=\"wp-caption alignleft\"><img fetchpriority=\"high\" decoding=\"async\" class=\"wp-image-115 size-medium\" src=\"http:\/\/www.kwu-entsorgung.net\/wp-content\/uploads\/2019\/05\/P6290001-300x225.jpg\" alt=\"Blick auf das KWU Verwaltungsgeb\u00e4ude in F\u00fcrstenwalde, Frankfurter Stra\u00dfe 81, 15517 F\u00fcrstenwalde\" width=\"300\" height=\"225\" srcset=\"https:\/\/www.kwu-entsorgung.de\/wp-content\/uploads\/2019\/05\/P6290001-300x225.jpg 300w, https:\/\/www.kwu-entsorgung.de\/wp-content\/uploads\/2019\/05\/P6290001-768x576.jpg 768w, https:\/\/www.kwu-entsorgung.de\/wp-content\/uploads\/2019\/05\/P6290001-1024x768.jpg 1024w\" sizes=\"(max-width: 300px) 100vw, 300px\" \/><figcaption id=\"caption-attachment-115\" class=\"wp-caption-text\">Neubau der KWU-Verwaltung in der Frankfurter Str. 81 in F\u00fcrstenwalde<\/figcaption><\/figure>\n<p>&nbsp;<\/p>\n<\/figure>\n<p><!-- \/wp:image --><\/p>\n<p><!-- wp:heading --><\/p>\n<p><!-- \/wp:heading --><\/p>\n<p><!-- wp:paragraph --><\/p>\n<p><br><br><br><br><br><br><br><br><br><br><\/p>\n<p>Das KWU-Entsorgung wurde 1990 gegr\u00fcndet und wird als organisatorisch, verwaltungsm\u00e4\u00dfig und wirtschaftlich selbstst\u00e4ndiger Eigenbetrieb ohne eigene Rechtspers\u00f6nlichkeit entsprechend den gesetzlichen Vorschriften, insbesondere der Eigenbetriebsverordnung und der Betriebssatzung, gef\u00fchrt.<\/p>\n<p><!-- \/wp:paragraph --><\/p>\n<p><!-- wp:paragraph --><\/p>\n<p><!-- \/wp:paragraph --><\/p>\n<p><!-- wp:paragraph --><\/p>\n<p>Der Landkreis Oder-Spree hat seine Aufgaben als \u00f6ffentlich-rechtlicher Entsorgungstr\u00e4ger dem KWU-Entsorgung als Eigenbetrieb des Landkreises \u00fcbertragen.<\/p>\n<p><!-- \/wp:paragraph --><\/p>\n<p><!-- wp:paragraph --><\/p>\n<p>Unsere Aufgaben<\/p>\n<p><!-- \/wp:paragraph --><\/p>\n<p><!-- wp:list --><\/p>\n<ul>\n<li>Entsorgung der im Landkreis angefallenen \u00fcberlassungspflichtigen Abf\u00e4lle aus Haushalten und anderen Herkunftsbereichen<\/li>\n<li>Erstellung und Fortschreibung des Abfallwirtschaftskonzeptes f\u00fcr den Landkreis Oder-Spree<\/li>\n<li>j\u00e4hrliche Erstellung der kommunalen Abfallbilanz und Statistiken<\/li>\n<li>Planung, Errichtung, Betreibung, Rekultivierung und Nachsorge von Abfallentsorgungsanlagen (Deponien, Wertstoffh\u00f6fe (WSH), Abfallumschlagstationen (AUST))<\/li>\n<li>Erarbeitung von Abfallentsorgungs-, Abfallgeb\u00fchren- und Benutzungsgeb\u00fchrensatzungen<\/li>\n<li>Stoffstrommanagement<\/li>\n<li>Rechnungswesen, Controlling, Debitorenbuchhaltung<\/li>\n<li>B\u00fcrgerservice (Beh\u00e4ltermanagement -&gt;Haushalte, Gewerbe, Sperrm\u00fcll\/Elektrosammlung)<\/li>\n<li>Abfallberatung<\/li>\n<li>\u00d6ffentlichkeitsarbeit<\/li>\n<\/ul>\n<p><!-- \/wp:list --><\/p>\n<p><!-- wp:paragraph --><\/p>\n<p><!-- \/wp:paragraph --><\/p>\t\t\t\t\t\t<\/div>\n\t\t\t\t<\/div>\n\t\t\t\t\t<\/div>\n\t\t<\/div>\n\t\t\t\t\t<\/div>\n\t\t<\/section>\n\t\t\t\t<\/div>\n\t\t","protected":false},"excerpt":{"rendered":"<p>Das KWU-Entsorgung wurde 1990 gegr\u00fcndet und wird als organisatorisch, verwaltungsm\u00e4\u00dfig und wirtschaftlich selbstst\u00e4ndiger Eigenbetrieb ohne eigene Rechtspers\u00f6nlichkeit entsprechend den gesetzlichen Vorschriften, insbesondere der Eigenbetriebsverordnung und der Betriebssatzung, gef\u00fchrt. Der Landkreis Oder-Spree hat seine Aufgaben als \u00f6ffentlich-rechtlicher Entsorgungstr\u00e4ger dem KWU-Entsorgung als Eigenbetrieb des Landkreises \u00fcbertragen. Unsere Aufgaben Entsorgung der im Landkreis angefallenen \u00fcberlassungspflichtigen Abf\u00e4lle aus Haushalten&#8230;<\/p>\n","protected":false},"author":2,"featured_media":0,"parent":0,"menu_order":0,"comment_status":"closed","ping_status":"closed","template":"","meta":{"footnotes":""},"publishpress_future_action":{"enabled":false,"date":"2026-04-17 11:11:41","action":"change-status","newStatus":"draft","terms":[],"taxonomy":""},"_links":{"self":[{"href":"https:\/\/www.kwu-entsorgung.de\/index.php?rest_route=\/wp\/v2\/pages\/122"}],"collection":[{"href":"https:\/\/www.kwu-entsorgung.de\/index.php?rest_route=\/wp\/v2\/pages"}],"about":[{"href":"https:\/\/www.kwu-entsorgung.de\/index.php?rest_route=\/wp\/v2\/types\/page"}],"author":[{"embeddable":true,"href":"https:\/\/www.kwu-entsorgung.de\/index.php?rest_route=\/wp\/v2\/users\/2"}],"replies":[{"embeddable":true,"href":"https:\/\/www.kwu-entsorgung.de\/index.php?rest_route=%2Fwp%2Fv2%2Fcomments&post=122"}],"version-history":[{"count":30,"href":"https:\/\/www.kwu-entsorgung.de\/index.php?rest_route=\/wp\/v2\/pages\/122\/revisions"}],"predecessor-version":[{"id":66550,"href":"https:\/\/www.kwu-entsorgung.de\/index.php?rest_route=\/wp\/v2\/pages\/122\/revisions\/66550"}],"wp:attachment":[{"href":"https:\/\/www.kwu-entsorgung.de\/index.php?rest_route=%2Fwp%2Fv2%2Fmedia&parent=122"}],"curies":[{"name":"wp","href":"https:\/\/api.w.org\/{rel}","templated":true}]}}