{"id":106,"date":"2019-05-14T11:43:26","date_gmt":"2019-05-14T09:43:26","guid":{"rendered":"http:\/\/debian-015.kwu.lokal\/wordpress\/?page_id=106"},"modified":"2025-03-28T10:43:24","modified_gmt":"2025-03-28T09:43:24","slug":"impressum","status":"publish","type":"page","link":"https:\/\/www.kwu-entsorgung.de\/?page_id=106","title":{"rendered":"Impressum"},"content":{"rendered":"\t\t<div data-elementor-type=\"wp-post\" data-elementor-id=\"106\" class=\"elementor elementor-106\">\n\t\t\t\t\t\t<section class=\"elementor-section elementor-top-section elementor-element elementor-element-55556ef6 elementor-section-boxed elementor-section-height-default elementor-section-height-default\" data-id=\"55556ef6\" data-element_type=\"section\">\n\t\t\t\t\t\t<div class=\"elementor-container elementor-column-gap-default\">\n\t\t\t\t\t<div class=\"elementor-column elementor-col-100 elementor-top-column elementor-element elementor-element-1974acae\" data-id=\"1974acae\" data-element_type=\"column\">\n\t\t\t<div class=\"elementor-widget-wrap elementor-element-populated\">\n\t\t\t\t\t\t<div class=\"elementor-element elementor-element-5d2a081f elementor-widget elementor-widget-text-editor\" data-id=\"5d2a081f\" data-element_type=\"widget\" data-widget_type=\"text-editor.default\">\n\t\t\t\t<div class=\"elementor-widget-container\">\n\t\t\t\t\t\t\t<p><!-- wp:paragraph --><\/p>\n<p>Diese Internetpr\u00e4senz ist die offizielle Webseite des Eigenbetriebs Kommunales Wirtschaftsunternehmen Entsorgung (KWU-Entsorgung) des Landkreises Oder-Spree.<\/p>\n<p>Kommunales Wirtschaftsunternehmen Entsorgung<br>&#8211; Eigenbetrieb des Landkreises Oder-Spree &#8211;<br>Frankfurter Stra\u00dfe 81<br>15517 F\u00fcrstenwalde<\/p>\n<p><!-- \/wp:paragraph --><\/p>\n<p><!-- wp:paragraph --><\/p>\n<p><a>post@kwu-entsorgung.de<\/a><\/p>\n<p><!-- \/wp:paragraph --><\/p>\n<p><!-- wp:paragraph --><\/p>\n<p>Telefon: 03361 7743-0<\/p>\n\n<p><!-- \/wp:paragraph --><\/p>\n<p><!-- wp:paragraph --><\/p>\n<p><strong>Werkleitung:<\/strong><br>S\u00f6lve Drawe<\/p>\n<p><!-- \/wp:paragraph --><\/p>\n<p><!-- wp:paragraph --><\/p>\n<p>Der Landkreis Oder-Spree ist eine K\u00f6rperschaft des \u00f6ffentlichen Rechts. Er wird vertreten durch den Landrat Frank Steffen.<br>Umsatzsteuer-Identifikationsnummer DE 162705039<br>Zust\u00e4ndige Aufsichtsbeh\u00f6rde: Kreisverwaltung Landkreis Oder-Spree<\/p>\n<p><!-- \/wp:paragraph --><\/p>\n<p><!-- wp:paragraph --><\/p>\n<p>Verantwortlich f\u00fcr den Inhalt: Bereich \u00d6ffentlichkeitsarbeit, KWU-Entsorgung<\/p><p><strong>Dieses Impressum gilt auch f\u00fcr unseren Newsletter.<\/strong><\/p>\n<p><!-- \/wp:paragraph --><\/p>\n<p><!-- wp:heading {\"level\":3} --><\/p>\n<p><strong>Bankverbindung:<\/strong><\/p>\n<p><!-- \/wp:heading --><\/p>\n<p><!-- wp:paragraph --><\/p>\n<p>Sparkasse Oder-Spree<br><strong>BLZ<\/strong> 170 550 50<\/p>\n<p><!-- \/wp:paragraph --><\/p>\n<p><!-- wp:paragraph --><\/p>\n<p><strong>Konto<\/strong> 3510413562<\/p>\n<p><!-- \/wp:paragraph --><\/p>\n<p><!-- wp:paragraph --><\/p>\n<p><strong>BIC<\/strong> WELADED1LOS<\/p>\n<p><!-- \/wp:paragraph --><\/p>\n<p><!-- wp:paragraph --><\/p>\n<p><strong>IBAN<\/strong> DE89 1705 5050 3510 4135 62<\/p>\n<p><!-- \/wp:paragraph --><\/p>\n<p><!-- wp:paragraph --><\/p>\n<p><!-- \/wp:paragraph --><\/p>\n<p><!-- wp:paragraph --><\/p>\n\n<p><!-- \/wp:paragraph --><\/p>\n<p><!-- wp:paragraph --><\/p>\n<p><strong>Haftungsausschluss bei Aktualit\u00e4tsproblemen oder inhaltlichen Fehlern<\/strong><\/p>\n<p>Wir haben stets die Richtigkeit, Vollst\u00e4ndigkeit und Aktualit\u00e4t der in dieser Internetpr\u00e4senz bereitgestellten Informationen zum Ziel. Dennoch k\u00f6nnen Fehler und Unklarheiten nicht ausgeschlossen werden.<br>Sollten Sie der Ansicht sein, dass inhaltliche Fehler oder nicht aktuelle Informationen bereitgestellt werden, so weisen Sie uns bitte per E-Mail an <strong>post (at) kwu-entsorgung.de<\/strong> darauf hin.<br>Wir \u00fcbernehmen keinerlei Gew\u00e4hr f\u00fcr die Aktualit\u00e4t, Korrektheit, Vollst\u00e4ndigkeit oder Qualit\u00e4t der bereitgestellten Informationen. Haftungsanspr\u00fcche gegen uns, welche sich auf Sch\u00e4den materieller oder ideeller Art beziehen, die durch die Nutzung oder Nichtnutzung der dargebotenen Informationen bzw. durch die Nutzung fehlerhafter und unvollst\u00e4ndiger Informationen verursacht wurden, sind grunds\u00e4tzlich ausgeschlossen, sofern unsererseits kein nachweislich vors\u00e4tzliches oder grob fahrl\u00e4ssiges Verschulden vorliegt.<br>Alle Angebote sind freibleibend und unverbindlich. Wir behalten uns ausdr\u00fccklich vor, Teile der Seiten oder das gesamte Angebot ohne gesonderte Ank\u00fcndigung zu ver\u00e4ndern, zu erg\u00e4nzen, zu l\u00f6schen oder die Ver\u00f6ffentlichung zeitweise oder endg\u00fcltig einzustellen.<\/p>\n<p><strong>Haftungsausschluss f\u00fcr externe Links<\/strong><\/p>\n<p>Wir sind als Inhaltsanbieter f\u00fcr die &#8222;eigenen Inhalte&#8220;, die wir als KWU-Entsorgung zur Nutzung bereitstellen, nach den allgemeinen Gesetzen verantwortlich.<br>In dieser Internetpr\u00e4senz existieren Querverweise (&#8222;Links&#8220;) auf von anderen Anbietern bereitgehaltene Inhalte. F\u00fcr diese fremden Inhalte sind wir nur dann verantwortlich, wenn wir von ihnen (d. h. auch von einem rechtswidrigen bzw. strafbaren Inhalt) positive Kenntnis haben, wir auf diese Inhalte ausdr\u00fccklich Bezug nehmen und es f\u00fcr uns technisch m\u00f6glich und zumutbar ist, deren Nutzung zu verhindern.<br>Bei &#8222;Links&#8220; handelt es sich allerdings stets um &#8222;lebende&#8220; (dynamische) Verweisungen. Wir haben bei der erstmaligen Verkn\u00fcpfung zwar den fremden Inhalt daraufhin \u00fcberpr\u00fcft, ob durch ihn eine m\u00f6gliche zivilrechtliche oder strafrechtliche Verantwortlichkeit ausgel\u00f6st wird, sind aber nicht dazu verpflichtet, die Inhalte, auf die wir innerhalb dieser Seiten verweisen, st\u00e4ndig auf Ver\u00e4nderungen zu \u00fcberpr\u00fcfen, die eine Verantwortlichkeit neu begr\u00fcnden k\u00f6nnten. Soweit somit nicht ausdr\u00fccklich auf Inhalte Bezug genommen wird, kann eine Kenntnis insbesondere aktueller Inhalte nicht vorausgesetzt werden.<br>Erst wenn wir feststellen oder von anderen darauf hingewiesen werden, dass ein konkretes Angebot, zu dem wir einen Link bereitgestellt haben, eine zivil- oder strafrechtliche Verantwortlichkeit ausl\u00f6st, werden wir den Verweis auf dieses Angebot aufheben, soweit uns dies technisch m\u00f6glich und zumutbar ist. Die technische M\u00f6glichkeit und Zumutbarkeit wird nicht dadurch beeinflusst, dass auch nach Unterbindung des Zugriffs von unserer Homepage von anderen Servern aus auf das rechtswidrige oder strafbare Angebot zugegriffen werden kann.<\/p>\n<p><strong>Urheber- und Kennzeichenrecht<\/strong><\/p>\n<p>Alle Seiten unseres Internetauftrittes unterliegen dem Urheberrecht (Copyright). Dies gilt insbesondere<br>f\u00fcr alle auf den Webseiten ver\u00f6ffentlichten Inhalte wie<\/p>\n<ul>\n<li>Texte<\/li>\n<li>Bilder<\/li>\n<li>Grafiken<\/li>\n<li>Layout einschlie\u00dflich der Gesamtanordnung auf den Webseiten<\/li>\n<\/ul>\n<p>Eine Vervielf\u00e4ltigung oder Verwendung solcher Texte, auch nur von Teilen, in anderen elektronischen oder gedruckten Publikationen und deren Ver\u00f6ffentlichung \u2013 auch im Internet \u2013 ist nur nach unserer vorherigen schriftlichen Genehmigung gestattet.<\/p>\n<p>Die kommerzielle Nutzung jeglicher Bestandteile dieses Internetauftrittes ist nicht gestattet!<\/p>\n<p>Der Nachdruck und die Auswertung von Pressemitteilungen und Reden sind nur mit korrekter und vollst\u00e4ndiger Quellenangabe gestattet.<\/p>\n<p>Die vorherige, schriftliche Genehmigung zur Publikation der Webseiten f\u00fcr eine private, nicht kommerzielle Nutzung kann im Einzelfall die Werkleitung erteilen.<\/p>\n<p>Die unerlaubte Reproduktion oder Weitergabe einzelner Inhalte oder kompletter Seiten wird straf- und zivilrechtlich verfolgt.<\/p>\n<p>Wir sind bestrebt, die Urheberrechte der verwendeten Bilder, Grafiken, Tondokumente, Videosequenzen und Texte zu beachten, selbst erstellte Bilder, Grafiken, Tondokumente, Videosequenzen und Texte zu nutzen oder auf lizenzfreie Bilder, Grafiken, Tondokumente, Videosequenzen und Texte zur\u00fcckzugreifen. Im Falle der Verlinkung mit der Website der Kommune ist aber jeder Websitebetreiber verpflichtet, auf eigene Verantwortung den Inhalt der jeweiligen Seite zu pr\u00fcfen und gegebenenfalls seinen Link zu entfernen.<\/p>\n<p>Alle innerhalb des Internetangebotes genannten und ggf. durch Dritte gesch\u00fctzten Marken- und Kennzeichen unterliegen uneingeschr\u00e4nkt den Bestimmungen des jeweils g\u00fcltigen Kennzeichenrechts und den Besitzrechten der jeweiligen eingetragenen Eigent\u00fcmer. Allein aufgrund der blo\u00dfen Nennung ist nicht der Schluss zu ziehen, dass Markenzeichen nicht durch Rechte Dritter gesch\u00fctzt sind!<\/p>\n<p>Alle Bilder \u2013 soweit nicht anders angegeben \u2013 stammen aus dem Pressearchiv des KWU-Entsorgung. Diese Bilder wurden \u2013 soweit nichts anderes vermerkt ist \u2013 durch Mitarbeiter des KWU-Entsorgung erstellt.<\/p>\n<p>Die Rechte f\u00fcr ver\u00f6ffentlichte, vom KWU-Entsorgung selbst oder durch Mitarbeiter erstellte urheberrechtlich gesch\u00fctzte Werke bleiben ebenfalls allein beim KWU-Entsorgung. Eine Vervielf\u00e4ltigung, Verbreitung und\/oder Verarbeitung und\/oder Verwendung solcher Bilder, Grafiken, Tondokumente, Videosequenzen und Texte in anderen elektronischen oder gedruckten Publikationen ist ohne unsere vorherige, ausdr\u00fcckliche, schriftliche Zustimmung nicht gestattet.<\/p>\n<p><strong>Verwendung der E-Mail-Adressen \u2013 <\/strong><br><strong>Information zur elektronischen Kommunikation<\/strong><\/p>\n<p>Die angegebenen E-Mail-Adressen dienen zun\u00e4chst grunds\u00e4tzlich der Kommunikation ohne elektronische Signatur und\/oder Verschl\u00fcsselung. Das KWU-Entsorgung hat jedoch den elektronischen Zugang f\u00fcr E-Mails mit qualifizierter elektronischer Signatur er\u00f6ffnet. Eine durch Rechtsvorschrift angeordnete Schriftform kann, soweit nicht durch Rechtsvorschrift etwas anderes bestimmt ist, durch die elektronische Form ersetzt werden. Die elektronische Form entwickelt die gleiche Rechtswirkung wie die unterschriebene Papierform (Schriftform). F\u00fcr die \u00dcbermittlung Ihrer qualifiziert elektronisch signierten Dokumente gelten spezielle Hinweise, die Sie unter <a class=\"csslink_intern\" href=\"https:\/\/www.kwu-entsorgung.de\/?page_id=2982\" target=\"_self\">Informationsseite elektronische Kommunikation<\/a> abrufen k\u00f6nnen.<\/p>\n<p><strong>Rechtswirksamkeit<\/strong><\/p>\n<p>Sofern Teile oder einzelne Formulierungen dieses Textes der geltenden Rechtslage nicht, nicht mehr oder nicht vollst\u00e4ndig entsprechen sollten, bleiben die \u00fcbrigen Teile in ihrem Inhalt und ihrer G\u00fcltigkeit davon unber\u00fchrt.<\/p>\n<p><!-- \/wp:paragraph --><\/p>\t\t\t\t\t\t<\/div>\n\t\t\t\t<\/div>\n\t\t\t\t\t<\/div>\n\t\t<\/div>\n\t\t\t\t\t<\/div>\n\t\t<\/section>\n\t\t\t\t<\/div>\n\t\t","protected":false},"excerpt":{"rendered":"<p>Diese Internetpr\u00e4senz ist die offizielle Webseite des Eigenbetriebs Kommunales Wirtschaftsunternehmen Entsorgung (KWU-Entsorgung) des Landkreises Oder-Spree. Kommunales Wirtschaftsunternehmen Entsorgung&#8211; Eigenbetrieb des Landkreises Oder-Spree &#8211;Frankfurter Stra\u00dfe 8115517 F\u00fcrstenwalde post@kwu-entsorgung.de Telefon: 03361 7743-0 Werkleitung:S\u00f6lve Drawe Der Landkreis Oder-Spree ist eine K\u00f6rperschaft des \u00f6ffentlichen Rechts. Er wird vertreten durch den Landrat Frank Steffen.Umsatzsteuer-Identifikationsnummer DE 162705039Zust\u00e4ndige Aufsichtsbeh\u00f6rde: Kreisverwaltung Landkreis Oder-Spree&#8230;<\/p>\n","protected":false},"author":2,"featured_media":0,"parent":0,"menu_order":0,"comment_status":"closed","ping_status":"closed","template":"","meta":{"footnotes":""},"publishpress_future_action":{"enabled":false,"date":"2026-05-16 06:30:52","action":"change-status","newStatus":"draft","terms":[],"taxonomy":""},"_links":{"self":[{"href":"https:\/\/www.kwu-entsorgung.de\/index.php?rest_route=\/wp\/v2\/pages\/106"}],"collection":[{"href":"https:\/\/www.kwu-entsorgung.de\/index.php?rest_route=\/wp\/v2\/pages"}],"about":[{"href":"https:\/\/www.kwu-entsorgung.de\/index.php?rest_route=\/wp\/v2\/types\/page"}],"author":[{"embeddable":true,"href":"https:\/\/www.kwu-entsorgung.de\/index.php?rest_route=\/wp\/v2\/users\/2"}],"replies":[{"embeddable":true,"href":"https:\/\/www.kwu-entsorgung.de\/index.php?rest_route=%2Fwp%2Fv2%2Fcomments&post=106"}],"version-history":[{"count":17,"href":"https:\/\/www.kwu-entsorgung.de\/index.php?rest_route=\/wp\/v2\/pages\/106\/revisions"}],"predecessor-version":[{"id":66946,"href":"https:\/\/www.kwu-entsorgung.de\/index.php?rest_route=\/wp\/v2\/pages\/106\/revisions\/66946"}],"wp:attachment":[{"href":"https:\/\/www.kwu-entsorgung.de\/index.php?rest_route=%2Fwp%2Fv2%2Fmedia&parent=106"}],"curies":[{"name":"wp","href":"https:\/\/api.w.org\/{rel}","templated":true}]}}